CRAN Package Check Results for Package fourierin

Last updated on 2021-11-29 19:51:29 CET.

Flavor Version Tinstall Tcheck Ttotal Status Flags
r-devel-linux-x86_64-debian-clang 0.2.4 83.24 79.63 162.87 NOTE
r-devel-linux-x86_64-debian-gcc 0.2.4 61.72 51.86 113.58 NOTE
r-devel-linux-x86_64-fedora-clang 0.2.4 249.29 NOTE
r-devel-linux-x86_64-fedora-gcc 0.2.4 203.50 NOTE
r-devel-windows-x86_64-new-UL 0.2.4 111.00 176.00 287.00 NOTE
r-devel-windows-x86_64-new-TK 0.2.4 NOTE
r-devel-windows-x86_64-old 0.2.4 116.00 123.00 239.00 NOTE
r-patched-linux-x86_64 0.2.4 77.72 65.88 143.60 NOTE
r-patched-solaris-x86 0.2.4 145.50 NOTE
r-release-linux-x86_64 0.2.4 70.40 64.93 135.33 NOTE
r-release-macos-arm64 0.2.4 NOTE
r-release-macos-x86_64 0.2.4 NOTE
r-release-windows-ix86+x86_64 0.2.4 233.00 127.00 360.00 NOTE
r-oldrel-macos-x86_64 0.2.4 OK
r-oldrel-windows-ix86+x86_64 0.2.4 187.00 132.00 319.00 OK

Check Details

Version: 0.2.4
Check: LazyData
Result: NOTE
     'LazyData' is specified without a 'data' directory
Flavors: r-devel-linux-x86_64-debian-clang, r-devel-linux-x86_64-debian-gcc, r-devel-linux-x86_64-fedora-clang, r-devel-linux-x86_64-fedora-gcc, r-devel-windows-x86_64-new-UL, r-devel-windows-x86_64-new-TK, r-devel-windows-x86_64-old, r-patched-linux-x86_64, r-patched-solaris-x86, r-release-linux-x86_64, r-release-macos-arm64, r-release-macos-x86_64, r-release-windows-ix86+x86_64