CRAN Package Check Results for Package fractD

Last updated on 2025-01-18 19:49:07 CET.

Flavor Version Tinstall Tcheck Ttotal Status Flags
r-devel-linux-x86_64-debian-clang 0.1.0 2.30 43.87 46.17 OK
r-devel-linux-x86_64-debian-gcc 0.1.0 1.73 33.04 34.77 OK
r-devel-linux-x86_64-fedora-clang 0.1.0 75.34 OK
r-devel-linux-x86_64-fedora-gcc 0.1.0 91.15 OK
r-devel-windows-x86_64 0.1.0 4.00 74.00 78.00 OK
r-patched-linux-x86_64 0.1.0 2.15 42.26 44.41 NOTE
r-release-linux-x86_64 0.1.0 2.03 44.71 46.74 NOTE
r-release-macos-arm64 0.1.0 32.00 NOTE
r-release-macos-x86_64 0.1.0 53.00 NOTE
r-release-windows-x86_64 0.1.0 4.00 76.00 80.00 NOTE
r-oldrel-macos-arm64 0.1.0 35.00 NOTE
r-oldrel-macos-x86_64 0.1.0 49.00 NOTE
r-oldrel-windows-x86_64 0.1.0 4.00 78.00 82.00 NOTE

Check Details

Version: 0.1.0
Check: LazyData
Result: NOTE 'LazyData' is specified without a 'data' directory Flavors: r-patched-linux-x86_64, r-release-linux-x86_64, r-release-macos-arm64, r-release-macos-x86_64, r-release-windows-x86_64, r-oldrel-macos-arm64, r-oldrel-macos-x86_64, r-oldrel-windows-x86_64