CRAN Package Check Results for Package fractD

Last updated on 2021-12-08 19:51:32 CET.

Flavor Version Tinstall Tcheck Ttotal Status Flags
r-devel-linux-x86_64-debian-clang 0.1.0 2.64 58.27 60.91 NOTE
r-devel-linux-x86_64-debian-gcc 0.1.0 1.80 45.35 47.15 NOTE
r-devel-linux-x86_64-fedora-clang 0.1.0 74.00 NOTE
r-devel-linux-x86_64-fedora-gcc 0.1.0 66.42 NOTE
r-devel-windows-x86_64-new-UL 0.1.0 7.00 98.00 105.00 NOTE
r-devel-windows-x86_64-new-TK 0.1.0 NOTE
r-devel-windows-x86_64-old 0.1.0 4.00 85.00 89.00 NOTE
r-patched-linux-x86_64 0.1.0 2.60 56.48 59.08 NOTE
r-release-linux-x86_64 0.1.0 2.36 56.15 58.51 NOTE
r-release-macos-arm64 0.1.0 NOTE
r-release-macos-x86_64 0.1.0 NOTE
r-release-windows-ix86+x86_64 0.1.0 4.00 80.00 84.00 NOTE
r-oldrel-macos-x86_64 0.1.0 OK
r-oldrel-windows-ix86+x86_64 0.1.0 7.00 78.00 85.00 OK

Check Details

Version: 0.1.0
Check: LazyData
Result: NOTE
     'LazyData' is specified without a 'data' directory
Flavors: r-devel-linux-x86_64-debian-clang, r-devel-linux-x86_64-debian-gcc, r-devel-linux-x86_64-fedora-clang, r-devel-linux-x86_64-fedora-gcc, r-devel-windows-x86_64-new-UL, r-devel-windows-x86_64-new-TK, r-devel-windows-x86_64-old, r-patched-linux-x86_64, r-release-linux-x86_64, r-release-macos-arm64, r-release-macos-x86_64, r-release-windows-ix86+x86_64