Last updated on 2022-06-27 21:51:19 CEST.
Flavor | Version | Tinstall | Tcheck | Ttotal | Status | Flags |
---|---|---|---|---|---|---|
r-devel-linux-x86_64-debian-clang | 0.8-5 | 3.54 | 32.97 | 36.51 | NOTE | |
r-devel-linux-x86_64-debian-gcc | 0.8-5 | 2.63 | 25.12 | 27.75 | NOTE | |
r-devel-linux-x86_64-fedora-clang | 0.8-5 | 55.65 | NOTE | |||
r-devel-linux-x86_64-fedora-gcc | 0.8-5 | 54.83 | NOTE | |||
r-devel-windows-x86_64 | 0.8-5 | 34.00 | 67.00 | 101.00 | OK | |
r-patched-linux-x86_64 | 0.8-5 | 3.65 | 31.12 | 34.77 | NOTE | |
r-release-linux-x86_64 | 0.8-5 | 3.78 | 31.08 | 34.86 | NOTE | |
r-release-macos-arm64 | 0.8-5 | 23.00 | OK | |||
r-release-macos-x86_64 | 0.8-5 | 29.00 | OK | |||
r-release-windows-x86_64 | 0.8-5 | 38.00 | 66.00 | 104.00 | OK | |
r-oldrel-macos-arm64 | 0.8-5 | 32.00 | OK | |||
r-oldrel-macos-x86_64 | 0.8-5 | 30.00 | OK | |||
r-oldrel-windows-ix86+x86_64 | 0.8-5 | 7.00 | 54.00 | 61.00 | OK |
Version: 0.8-5
Check: package dependencies
Result: NOTE
Package suggested but not available for checking: 'RandomFields'
Flavors: r-devel-linux-x86_64-debian-clang, r-devel-linux-x86_64-debian-gcc, r-devel-linux-x86_64-fedora-clang, r-devel-linux-x86_64-fedora-gcc, r-patched-linux-x86_64, r-release-linux-x86_64