CRAN Package Check Results for Package frailtypack

Last updated on 2021-11-29 19:51:29 CET.

Flavor Version Tinstall Tcheck Ttotal Status Flags
r-devel-linux-x86_64-debian-clang 3.4.0 221.99 284.21 506.20 OK
r-devel-linux-x86_64-debian-gcc 3.4.0 207.03 205.61 412.64 OK
r-devel-linux-x86_64-fedora-clang 3.4.0 698.87 NOTE
r-devel-linux-x86_64-fedora-gcc 3.4.0 682.06 OK
r-devel-windows-x86_64-new-UL 3.4.0 383.00 326.00 709.00 NOTE
r-devel-windows-x86_64-new-TK 3.4.0 OK
r-devel-windows-x86_64-old 3.4.0 338.00 231.00 569.00 NOTE
r-patched-linux-x86_64 3.4.0 213.19 271.27 484.46 OK
r-patched-solaris-x86 3.4.0 1106.50 NOTE
r-release-linux-x86_64 3.4.0 188.89 271.09 459.98 OK
r-release-macos-arm64 3.4.0 NOTE
r-release-macos-x86_64 3.4.0 NOTE
r-release-windows-ix86+x86_64 3.4.0 578.00 259.00 837.00 NOTE
r-oldrel-macos-x86_64 3.4.0 NOTE
r-oldrel-windows-ix86+x86_64 3.4.0 422.00 279.00 701.00 NOTE

Check Details

Version: 3.4.0
Check: installed package size
Result: NOTE
     installed size is 12.5Mb
     sub-directories of 1Mb or more:
     R 1.2Mb
     help 2.2Mb
     libs 7.4Mb
Flavors: r-devel-linux-x86_64-fedora-clang, r-devel-windows-x86_64-new-UL, r-devel-windows-x86_64-old, r-patched-solaris-x86, r-release-macos-arm64, r-release-macos-x86_64, r-release-windows-ix86+x86_64, r-oldrel-macos-x86_64, r-oldrel-windows-ix86+x86_64