CRAN Package Check Results for Package fsMTS

Last updated on 2022-12-04 19:49:48 CET.

Flavor Version Tinstall Tcheck Ttotal Status Flags
r-devel-linux-x86_64-debian-clang 0.1.7 3.13 109.44 112.57 OK
r-devel-linux-x86_64-debian-gcc 0.1.7 2.53 78.27 80.80 OK
r-devel-linux-x86_64-fedora-clang 0.1.7 143.09 OK
r-devel-linux-x86_64-fedora-gcc 0.1.7 136.42 OK
r-devel-windows-x86_64 0.1.7 23.00 116.00 139.00 OK
r-patched-linux-x86_64 0.1.7 2.52 101.65 104.17 OK
r-release-linux-x86_64 0.1.7 2.17 94.61 96.78 OK
r-release-macos-arm64 0.1.7 56.00 OK
r-release-macos-x86_64 0.1.7 71.00 OK
r-release-windows-x86_64 0.1.7 19.00 113.00 132.00 OK
r-oldrel-macos-arm64 0.1.7 44.00 ERROR
r-oldrel-macos-x86_64 0.1.7 72.00 OK
r-oldrel-windows-ix86+x86_64 0.1.7 10.00 114.00 124.00 OK

Check Details

Version: 0.1.7
Check: examples
Result: ERROR
    Running examples in ‘fsMTS-Ex.R’ failed
    The error most likely occurred in:
    
    > ### Name: fsEnsemble
    > ### Title: Ensemble feature selection for MTS
    > ### Aliases: fsEnsemble
    >
    > ### ** Examples
    >
    >
    > # Load traffic data
    > data(traffic.mini)
    >
    > # Scaling is sometimes useful for feature selection
    > # Exclude the first column - it contains timestamps
    > data <- scale(traffic.mini$data[,-1])
    >
    > mIndep<-fsMTS(data, max.lag=3, method="ownlags")
    > mCCF<-fsMTS(data, max.lag=3, method="CCF")
    > mDistance<-fsMTS(data, max.lag=3, method="distance", shortest = traffic.mini$shortest, step = 5)
    > mGLASSO<-fsMTS(data, max.lag=3,method="GLASSO", rho = 0.05)
    > mLARS<-fsMTS(data, max.lag=3,method="LARS")
    > mRF<-fsMTS(data, max.lag=3,method="RF")
    > mMI<-fsMTS(data, max.lag=3,method="MI")
    Error in dyn.load(file, DLLpath = DLLpath, ...) :
     unable to load shared object '/Volumes/Builds/packages/big-sur-arm64/Rlib/4.1/mpmi/libs/mpmi.so':
     dlopen(/Volumes/Builds/packages/big-sur-arm64/Rlib/4.1/mpmi/libs/mpmi.so, 6): Library not loaded: /opt/R/arm64/gfortran/lib/libquadmath.0.dylib
     Referenced from: /Volumes/Builds/packages/big-sur-arm64/Rlib/4.1/mpmi/libs/mpmi.so
     Reason: image not found
    Calls: fsMTS -> fsMI -> loadNamespace -> library.dynam -> dyn.load
    Execution halted
Flavor: r-oldrel-macos-arm64

Version: 0.1.7
Check: re-building of vignette outputs
Result: WARN
    Error(s) in re-building vignettes:
    --- re-building ‘simulated.Rmd’ using rmarkdown
    Loading required package: sparsevar
    Loading required package: fsMTS
    Loading required package: plot.matrix
    Loading required package: svMisc
    
    Attaching package: 'svMisc'
    
    The following object is masked from 'package:utils':
    
     ?
    
    Loading required package: MTS
    Quitting from lines 114-120 (simulated.Rmd)
    Error: processing vignette 'simulated.Rmd' failed with diagnostics:
    unable to load shared object '/Volumes/Builds/packages/big-sur-arm64/Rlib/4.1/mpmi/libs/mpmi.so':
     dlopen(/Volumes/Builds/packages/big-sur-arm64/Rlib/4.1/mpmi/libs/mpmi.so, 6): Library not loaded: /opt/R/arm64/gfortran/lib/libquadmath.0.dylib
     Referenced from: /Volumes/Builds/packages/big-sur-arm64/Rlib/4.1/mpmi/libs/mpmi.so
     Reason: image not found
    --- failed re-building ‘simulated.Rmd’
    
    --- re-building ‘traffic.Rmd’ using rmarkdown
    Loading required package: fsMTS
    Loading required package: plot.matrix
    Loading required package: svMisc
    
    Attaching package: 'svMisc'
    
    The following object is masked from 'package:utils':
    
     ?
    
    Loading required package: MTS
    Quitting from lines 65-68 (traffic.Rmd)
    Error: processing vignette 'traffic.Rmd' failed with diagnostics:
    unable to load shared object '/Volumes/Builds/packages/big-sur-arm64/Rlib/4.1/mpmi/libs/mpmi.so':
     dlopen(/Volumes/Builds/packages/big-sur-arm64/Rlib/4.1/mpmi/libs/mpmi.so, 6): Library not loaded: /opt/R/arm64/gfortran/lib/libquadmath.0.dylib
     Referenced from: /Volumes/Builds/packages/big-sur-arm64/Rlib/4.1/mpmi/libs/mpmi.so
     Reason: image not found
    --- failed re-building ‘traffic.Rmd’
    
    SUMMARY: processing the following files failed:
     ‘simulated.Rmd’ ‘traffic.Rmd’
    
    Error: Vignette re-building failed.
    Execution halted
Flavor: r-oldrel-macos-arm64