CRAN Package Check Results for Package fscaret

Last updated on 2022-01-25 19:50:32 CET.

Flavor Version Tinstall Tcheck Ttotal Status Flags
r-devel-linux-x86_64-debian-clang 0.9.4.4 17.28 157.11 174.39 NOTE
r-devel-linux-x86_64-debian-gcc 0.9.4.4 15.04 117.16 132.20 NOTE
r-devel-linux-x86_64-fedora-clang 0.9.4.4 202.62 NOTE
r-devel-linux-x86_64-fedora-gcc 0.9.4.4 195.62 NOTE
r-devel-windows-x86_64-new-UL 0.9.4.4 48.00 172.00 220.00 NOTE
r-devel-windows-x86_64-new-TK 0.9.4.4 NOTE
r-patched-linux-x86_64 0.9.4.4 12.79 142.16 154.95 NOTE
r-release-linux-x86_64 0.9.4.4 12.66 140.09 152.75 NOTE
r-release-macos-arm64 0.9.4.4 NOTE
r-release-macos-x86_64 0.9.4.4 NOTE
r-release-windows-ix86+x86_64 0.9.4.4 36.00 156.00 192.00 ERROR
r-oldrel-macos-x86_64 0.9.4.4 OK
r-oldrel-windows-ix86+x86_64 0.9.4.4 38.00 167.00 205.00 OK

Check Details

Version: 0.9.4.4
Check: package dependencies
Result: NOTE
    Packages suggested but not available for checking: 'foba', 'rrlda'
    
    Suggests orphaned package: 'RRF'
Flavors: r-devel-linux-x86_64-debian-clang, r-devel-linux-x86_64-debian-gcc, r-devel-linux-x86_64-fedora-clang, r-patched-linux-x86_64, r-release-linux-x86_64

Version: 0.9.4.4
Check: package dependencies
Result: NOTE
    Packages suggested but not available for checking: 'foba', 'rrlda'
Flavors: r-devel-linux-x86_64-fedora-gcc, r-devel-windows-x86_64-new-UL

Version: 0.9.4.4
Check: package dependencies
Result: NOTE
    Packages suggested but not available for checking:
     'arm', 'car', 'foba', 'rrlda'
Flavor: r-devel-windows-x86_64-new-TK

Version: 0.9.4.4
Check: package dependencies
Result: NOTE
    Package suggested but not available for checking: ‘foba’
Flavors: r-release-macos-arm64, r-release-macos-x86_64

Version: 0.9.4.4
Check: examples
Result: ERROR
    Running examples in 'fscaret-Ex.R' failed
    The error most likely occurred in:
    
    > ### Name: fscaret
    > ### Title: feature selection caret
    > ### Aliases: fscaret
    > ### Keywords: methods iteration optimize array
    >
    > ### ** Examples
    >
    >
    > if((Sys.info()['sysname'])!="SunOS"){
    +
    + library(fscaret)
    +
    + # Load data sets
    + data(dataset.train)
    + data(dataset.test)
    +
    + requiredPackages <- c("R.utils", "gsubfn", "ipred", "caret", "parallel", "MASS")
    +
    + if(.Platform$OS.type=="windows"){
    +
    + myFirstRES <- fscaret(dataset.train, dataset.test, installReqPckg=FALSE,
    + preprocessData=FALSE, with.labels=TRUE, classPred=FALSE,
    + regPred=TRUE, skel_outfile=NULL,
    + impCalcMet="RMSE&MSE", myTimeLimit=4,
    + Used.funcRegPred=c("lm"), Used.funcClassPred=NULL,
    + no.cores=1, method="boot", returnResamp="all",
    + supress.output=TRUE,saveModel=FALSE)
    +
    + } else {
    +
    + myCores <- 2
    +
    + myFirstRES <- fscaret(dataset.train, dataset.test, installReqPckg=FALSE,
    + preprocessData=FALSE, with.labels=TRUE, classPred=FALSE,
    + regPred=TRUE, skel_outfile=NULL,
    + impCalcMet="RMSE&MSE", myTimeLimit=4,
    + Used.funcRegPred=c("lm","ppr"), Used.funcClassPred=NULL,
    + no.cores=myCores, method="boot", returnResamp="all",
    + supress.output=TRUE,saveModel=FALSE)
    +
    + }
    +
    +
    +
    + # Results
    + myFirstRES
    +
    + }
    Loading required package: R.utils
    Loading required package: R.oo
    Loading required package: R.methodsS3
    R.methodsS3 v1.8.1 (2020-08-26 16:20:06 UTC) successfully loaded. See ?R.methodsS3 for help.
    R.oo v1.24.0 (2020-08-26 16:11:58 UTC) successfully loaded. See ?R.oo for help.
    
    Attaching package: 'R.oo'
    
    The following object is masked from 'package:R.methodsS3':
    
     throw
    
    The following objects are masked from 'package:methods':
    
     getClasses, getMethods
    
    The following objects are masked from 'package:base':
    
     attach, detach, load, save
    
    R.utils v2.11.0 (2021-09-26 08:30:02 UTC) successfully loaded. See ?R.utils for help.
    
    Attaching package: 'R.utils'
    
    The following object is masked from 'package:utils':
    
     timestamp
    
    The following objects are masked from 'package:base':
    
     cat, commandArgs, getOption, inherits, isOpen, nullfile, parse,
     warnings
    
    Loading required package: multicore
    Loading required package: MASS
    
    ----Packages loaded successfully----
    
    
    -----Warnings have been supressed!----
    ----------------------------------------
    Calculating: lm
    ----------------------------------------
    ----------------------------------------
     lm
    ----------------------------------------
    Elapsed time: 1.16 0.05 1.2 NA NA
    Error in gzfile(file, "wb") : cannot open the connection
    Calls: fscaret -> regVarImp -> lapply -> FUN -> save -> gzfile
    Execution halted
Flavor: r-release-windows-ix86+x86_64

Version: 0.9.4.4
Check: re-building of vignette outputs
Result: WARN
    Error(s) in re-building vignettes:
    --- re-building 'fscaret.Rnw' using Sweave
    Loading required package: caret
    Loading required package: ggplot2
    Loading required package: lattice
    Error: package or namespace load failed for 'caret' in loadNamespace(j <- i[[1L]], c(lib.loc, .libPaths()), versionCheck = vI[[j]]):
     there is no package called 'gower'
    
    Error: processing vignette 'fscaret.Rnw' failed with diagnostics:
     chunk 6 (label = funcRegPred_all)
    Error : package 'caret' could not be loaded
    
    --- failed re-building 'fscaret.Rnw'
    
    SUMMARY: processing the following file failed:
     'fscaret.Rnw'
    
    Error: Vignette re-building failed.
    Execution halted
Flavor: r-release-windows-ix86+x86_64