CRAN Package Check Results for Package fstcore

Last updated on 2021-12-06 19:50:39 CET.

Flavor Version Tinstall Tcheck Ttotal Status Flags
r-devel-linux-x86_64-debian-clang 0.9.6 123.20 36.31 159.51 NOTE
r-devel-linux-x86_64-debian-gcc 0.9.6 84.72 28.91 113.63 NOTE
r-devel-linux-x86_64-fedora-clang 0.9.6 260.12 NOTE
r-devel-linux-x86_64-fedora-gcc 0.9.6 212.45 NOTE
r-devel-windows-x86_64-new-UL 0.9.6 158.00 95.00 253.00 NOTE
r-devel-windows-x86_64-new-TK 0.9.6 NOTE
r-devel-windows-x86_64-old 0.9.6 144.00 49.00 193.00 NOTE
r-patched-linux-x86_64 0.9.6 98.26 26.71 124.97 NOTE
r-release-linux-x86_64 0.9.6 102.90 34.92 137.82 NOTE
r-release-macos-arm64 0.9.6 ERROR
r-release-macos-x86_64 0.9.6 NOTE
r-release-windows-ix86+x86_64 0.9.6 285.00 75.00 360.00 NOTE
r-oldrel-macos-x86_64 0.9.6 NOTE
r-oldrel-windows-ix86+x86_64 0.9.6 295.00 78.00 373.00 OK

Check Details

Version: 0.9.6
Check: LazyData
Result: NOTE
     'LazyData' is specified without a 'data' directory
Flavors: r-devel-linux-x86_64-debian-clang, r-devel-linux-x86_64-debian-gcc, r-devel-linux-x86_64-fedora-clang, r-devel-linux-x86_64-fedora-gcc, r-devel-windows-x86_64-new-UL, r-devel-windows-x86_64-new-TK, r-devel-windows-x86_64-old, r-patched-linux-x86_64, r-release-linux-x86_64, r-release-macos-x86_64, r-release-windows-ix86+x86_64

Version: 0.9.6
Check: installed package size
Result: NOTE
     installed size is 6.2Mb
     sub-directories of 1Mb or more:
     libs 6.1Mb
Flavors: r-devel-linux-x86_64-fedora-clang, r-release-macos-x86_64, r-oldrel-macos-x86_64

Version: 0.9.6
Check: whether package can be installed
Result: ERROR
    Installation failed.
Flavor: r-release-macos-arm64