Last updated on 2023-12-10 19:49:11 CET.
Flavor | Version | Tinstall | Tcheck | Ttotal | Status | Flags |
---|---|---|---|---|---|---|
r-devel-linux-x86_64-debian-clang | 1.2 | 10.25 | 82.64 | 92.89 | OK | |
r-devel-linux-x86_64-debian-gcc | 1.2 | 8.51 | 63.77 | 72.28 | OK | |
r-devel-linux-x86_64-fedora-clang | 1.2 | 125.08 | NOTE | |||
r-devel-linux-x86_64-fedora-gcc | 1.2 | 110.74 | NOTE | |||
r-devel-windows-x86_64 | 1.2 | 10.00 | 84.00 | 94.00 | OK | |
r-patched-linux-x86_64 | 1.2 | 10.71 | 80.54 | 91.25 | OK | |
r-release-linux-x86_64 | 1.2 | 6.89 | 82.21 | 89.10 | OK | |
r-release-macos-arm64 | 1.2 | 39.00 | OK | |||
r-release-macos-x86_64 | 1.2 | 62.00 | OK | |||
r-release-windows-x86_64 | 1.2 | 11.00 | 95.00 | 106.00 | OK | |
r-oldrel-macos-arm64 | 1.2 | 38.00 | NOTE | |||
r-oldrel-macos-x86_64 | 1.2 | 61.00 | NOTE | |||
r-oldrel-windows-x86_64 | 1.2 | 12.00 | 99.00 | 111.00 | OK |
Version: 1.2
Check: data for non-ASCII characters
Result: NOTE
Note: found 120 marked UTF-8 strings
Flavors: r-devel-linux-x86_64-fedora-clang, r-devel-linux-x86_64-fedora-gcc, r-oldrel-macos-arm64, r-oldrel-macos-x86_64