Last updated on 2023-12-10 19:49:11 CET.
Flavor | Version | Tinstall | Tcheck | Ttotal | Status | Flags |
---|---|---|---|---|---|---|
r-devel-linux-x86_64-debian-clang | 2.3 | 13.11 | 109.23 | 122.34 | NOTE | |
r-devel-linux-x86_64-debian-gcc | 2.3 | 10.28 | 82.29 | 92.57 | NOTE | |
r-devel-linux-x86_64-fedora-clang | 2.3 | 159.54 | OK | |||
r-devel-linux-x86_64-fedora-gcc | 2.3 | 144.71 | OK | |||
r-devel-windows-x86_64 | 2.3 | 12.00 | 100.00 | 112.00 | OK | |
r-patched-linux-x86_64 | 2.3 | 19.03 | 105.41 | 124.44 | OK | |
r-release-linux-x86_64 | 2.3 | 9.18 | 105.96 | 115.14 | OK | |
r-release-macos-arm64 | 2.3 | 51.00 | OK | |||
r-release-macos-x86_64 | 2.3 | 67.00 | OK | |||
r-release-windows-x86_64 | 2.3 | 17.00 | 114.00 | 131.00 | OK | |
r-oldrel-macos-arm64 | 2.3 | 48.00 | OK | |||
r-oldrel-macos-x86_64 | 2.3 | 82.00 | OK | |||
r-oldrel-windows-x86_64 | 2.3 | 16.00 | 123.00 | 139.00 | OK |
Version: 2.3
Check: Rd files
Result: NOTE
checkRd: (-1) plot.fd.Rd:69-71: Lost braces in \itemize; meant \describe ?
checkRd: (-1) plot.fd.Rd:72-77: Lost braces in \itemize; meant \describe ?
Flavors: r-devel-linux-x86_64-debian-clang, r-devel-linux-x86_64-debian-gcc