CRAN Package Check Results for Package fuser

Last updated on 2021-03-07 19:48:55 CET.

Flavor Version Tinstall Tcheck Ttotal Status Flags
r-devel-linux-x86_64-debian-clang 1.0.1 37.53 107.13 144.66 OK
r-devel-linux-x86_64-debian-gcc 1.0.1 25.20 82.91 108.11 OK
r-devel-linux-x86_64-fedora-clang 1.0.1 191.69 OK
r-devel-linux-x86_64-fedora-gcc 1.0.1 173.32 OK
r-devel-windows-ix86+x86_64 1.0.1 86.00 209.00 295.00 OK
r-devel-windows-x86_64-gcc10-UCRT 1.0.1 OK
r-patched-linux-x86_64 1.0.1 30.28 100.31 130.59 OK
r-patched-solaris-x86 1.0.1 265.90 OK
r-release-linux-x86_64 1.0.1 33.81 101.32 135.13 OK
r-release-macos-x86_64 1.0.1 NOTE
r-release-windows-ix86+x86_64 1.0.1 65.00 180.00 245.00 OK
r-oldrel-macos-x86_64 1.0.1 NOTE
r-oldrel-windows-ix86+x86_64 1.0.1 55.00 155.00 210.00 OK

Check Details

Version: 1.0.1
Check: installed package size
Result: NOTE
     installed size is 5.3Mb
     sub-directories of 1Mb or more:
     libs 5.1Mb
Flavors: r-release-macos-x86_64, r-oldrel-macos-x86_64