CRAN Package Check Results for Package fusionchartsR

Last updated on 2021-12-07 19:49:45 CET.

Flavor Version Tinstall Tcheck Ttotal Status Flags
r-devel-linux-x86_64-debian-clang 0.0.2 14.39 133.25 147.64 OK
r-devel-linux-x86_64-debian-gcc 0.0.2 13.97 102.07 116.04 OK
r-devel-linux-x86_64-fedora-clang 0.0.2 179.61 NOTE
r-devel-linux-x86_64-fedora-gcc 0.0.2 175.65 NOTE
r-devel-windows-x86_64-new-UL 0.0.2 31.00 178.00 209.00 OK
r-devel-windows-x86_64-new-TK 0.0.2 NOTE
r-devel-windows-x86_64-old 0.0.2 25.00 152.00 177.00 OK
r-patched-linux-x86_64 0.0.2 15.74 126.42 142.16 OK
r-release-linux-x86_64 0.0.2 14.27 127.00 141.27 OK
r-release-macos-arm64 0.0.2 NOTE
r-release-macos-x86_64 0.0.2 NOTE
r-release-windows-ix86+x86_64 0.0.2 26.00 149.00 175.00 OK
r-oldrel-macos-x86_64 0.0.2 NOTE
r-oldrel-windows-ix86+x86_64 0.0.2 37.00 152.00 189.00 OK

Check Details

Version: 0.0.2
Check: dependencies in R code
Result: NOTE
    Namespaces in Imports field not imported from:
     ‘pROC’ ‘reshape2’ ‘survival’
     All declared Imports should be used.
Flavors: r-devel-linux-x86_64-fedora-clang, r-devel-linux-x86_64-fedora-gcc, r-devel-windows-x86_64-new-TK, r-release-macos-arm64, r-release-macos-x86_64, r-oldrel-macos-x86_64