CRAN Package Check Results for Package fwildclusterboot

Last updated on 2024-03-03 19:56:22 CET.

Flavor Version Tinstall Tcheck Ttotal Status Flags
r-devel-linux-x86_64-debian-clang 0.13.0 90.66 228.65 319.31 OK
r-devel-linux-x86_64-debian-gcc 0.13.0 72.04 179.09 251.13 OK
r-devel-linux-x86_64-fedora-clang 0.13.0 437.10 OK
r-devel-linux-x86_64-fedora-gcc 0.13.0 436.06 OK
r-devel-windows-x86_64 0.13.0 67.00 222.00 289.00 OK
r-patched-linux-x86_64 0.13.0 92.27 231.37 323.64 OK
r-release-linux-x86_64 0.13.0 87.59 234.66 322.25 OK
r-release-macos-arm64 0.13.0 130.00 NOTE
r-release-macos-x86_64 0.13.0 217.00 NOTE
r-release-windows-x86_64 0.13.0 89.00 260.00 349.00 OK
r-oldrel-macos-arm64 0.13.0 120.00 NOTE
r-oldrel-windows-x86_64 0.13.0 81.00 246.00 327.00 OK

Check Details

Version: 0.13.0
Check: installed package size
Result: NOTE installed size is 5.5Mb sub-directories of 1Mb or more: libs 4.4Mb Flavors: r-release-macos-arm64, r-release-macos-x86_64, r-oldrel-macos-arm64