CRAN Package Check Results for Package gamma

Last updated on 2021-11-27 19:49:34 CET.

Flavor Version Tinstall Tcheck Ttotal Status Flags
r-devel-linux-x86_64-debian-clang 1.0.1 OK
r-devel-linux-x86_64-debian-gcc 1.0.1 7.46 82.72 90.18 OK
r-devel-linux-x86_64-fedora-clang 1.0.1 150.96 NOTE
r-devel-linux-x86_64-fedora-gcc 1.0.1 140.93 OK
r-devel-windows-x86_64-new-UL 1.0.1 28.00 241.00 269.00 OK
r-devel-windows-x86_64-new-TK 1.0.1 OK
r-devel-windows-x86_64-old 1.0.1 14.00 178.00 192.00 OK
r-patched-linux-x86_64 1.0.1 8.33 104.27 112.60 OK
r-patched-solaris-x86 1.0.1 160.10 OK
r-release-linux-x86_64 1.0.1 OK
r-release-macos-arm64 1.0.1 OK
r-release-macos-x86_64 1.0.1 OK
r-release-windows-ix86+x86_64 1.0.1 24.00 118.00 142.00 OK
r-oldrel-macos-x86_64 1.0.1 OK
r-oldrel-windows-ix86+x86_64 1.0.1 31.00 159.00 190.00 OK

Check Details

Version: 1.0.1
Check: Rd cross-references
Result: NOTE
    Undeclared package ‘hyperSpec’ in Rd xrefs
Flavor: r-devel-linux-x86_64-fedora-clang