CRAN Package Check Results for Package gcmr

Last updated on 2024-02-26 19:50:09 CET.

Flavor Version Tinstall Tcheck Ttotal Status Flags
r-devel-linux-x86_64-debian-clang 1.0.3 8.61 75.60 84.21 NOTE
r-devel-linux-x86_64-debian-gcc 1.0.3 6.43 58.70 65.13 NOTE
r-devel-linux-x86_64-fedora-clang 1.0.3 107.25 NOTE
r-devel-linux-x86_64-fedora-gcc 1.0.3 107.91 OK
r-devel-windows-x86_64 1.0.3 11.00 81.00 92.00 OK
r-patched-linux-x86_64 1.0.3 15.61 76.50 92.11 OK
r-release-linux-x86_64 1.0.3 8.37 76.51 84.88 OK
r-release-macos-arm64 1.0.3 37.00 OK
r-release-macos-x86_64 1.0.3 54.00 OK
r-release-windows-x86_64 1.0.3 14.00 97.00 111.00 OK
r-oldrel-macos-arm64 1.0.3 42.00 OK
r-oldrel-windows-x86_64 1.0.3 13.00 98.00 111.00 OK

Check Details

Version: 1.0.3
Check: Rd files
Result: NOTE checkRd: (-1) matern.cormat.Rd:17: Lost braces; missing escapes or markup? 17 | value of the shape parameter of the Matern correlation class. The default {alpha = 0.5} corresponds to an exponential correlation model. | ^ Flavors: r-devel-linux-x86_64-debian-clang, r-devel-linux-x86_64-debian-gcc, r-devel-linux-x86_64-fedora-clang