Last updated on 2023-12-07 19:58:29 CET.
Flavor | Version | Tinstall | Tcheck | Ttotal | Status | Flags |
---|---|---|---|---|---|---|
r-devel-linux-x86_64-debian-clang | 0.6.4 | 450.75 | 162.48 | 613.23 | OK | |
r-devel-linux-x86_64-debian-gcc | 0.6.4 | 357.99 | 126.96 | 484.95 | OK | |
r-devel-linux-x86_64-fedora-clang | 0.6.4 | 796.80 | NOTE | |||
r-devel-linux-x86_64-fedora-gcc | 0.6.4 | 974.97 | OK | |||
r-devel-windows-x86_64 | 0.6.4 | 348.00 | 762.00 | 1110.00 | NOTE | |
r-patched-linux-x86_64 | 0.6.4 | 405.78 | 162.16 | 567.94 | OK | |
r-release-linux-x86_64 | 0.6.4 | 417.83 | 162.19 | 580.02 | OK | |
r-release-macos-arm64 | 0.6.4 | 296.00 | NOTE | |||
r-release-macos-x86_64 | 0.6.4 | 360.00 | NOTE | |||
r-release-windows-x86_64 | 0.6.4 | 438.00 | 879.00 | 1317.00 | NOTE | |
r-oldrel-macos-arm64 | 0.6.4 | 271.00 | NOTE | |||
r-oldrel-macos-x86_64 | 0.6.4 | 307.00 | NOTE | |||
r-oldrel-windows-x86_64 | 0.6.4 | 431.00 | 690.00 | 1121.00 | NOTE |
Version: 0.6.4
Check: installed package size
Result: NOTE
installed size is 6.9Mb
sub-directories of 1Mb or more:
L8NY18 2.3Mb
libs 3.5Mb
Flavors: r-devel-linux-x86_64-fedora-clang, r-devel-windows-x86_64, r-release-macos-arm64, r-release-macos-x86_64, r-release-windows-x86_64, r-oldrel-macos-arm64, r-oldrel-macos-x86_64, r-oldrel-windows-x86_64