Last updated on 2022-05-25 21:52:59 CEST.
Flavor | Version | Tinstall | Tcheck | Ttotal | Status | Flags |
---|---|---|---|---|---|---|
r-devel-linux-x86_64-debian-clang | 1.4 | 62.64 | 364.23 | 426.87 | OK | |
r-devel-linux-x86_64-debian-gcc | 1.4 | 51.76 | 265.84 | 317.60 | OK | |
r-devel-linux-x86_64-fedora-clang | 1.4 | 511.42 | NOTE | |||
r-devel-linux-x86_64-fedora-gcc | 1.4 | 516.47 | NOTE | |||
r-devel-windows-x86_64 | 1.4 | 414.00 | 399.00 | 813.00 | NOTE | |
r-patched-linux-x86_64 | 1.4 | 57.59 | 346.67 | 404.26 | OK | |
r-release-linux-x86_64 | 1.4 | OK | ||||
r-release-macos-arm64 | 1.4 | 120.00 | NOTE | |||
r-release-macos-x86_64 | 1.4 | 167.00 | NOTE | |||
r-release-windows-x86_64 | 1.4 | 493.00 | 389.00 | 882.00 | NOTE | |
r-oldrel-macos-arm64 | 1.4 | 113.00 | NOTE | |||
r-oldrel-macos-x86_64 | 1.4 | 171.00 | NOTE | |||
r-oldrel-windows-ix86+x86_64 | 1.4 | 145.00 | 523.00 | 668.00 | NOTE |
Version: 1.4
Check: installed package size
Result: NOTE
installed size is 6.4Mb
sub-directories of 1Mb or more:
doc 1.3Mb
extdata 3.5Mb
libs 1.1Mb
Flavors: r-devel-linux-x86_64-fedora-clang, r-devel-windows-x86_64, r-release-macos-arm64, r-release-macos-x86_64, r-release-windows-x86_64, r-oldrel-macos-arm64, r-oldrel-macos-x86_64, r-oldrel-windows-ix86+x86_64
Version: 1.4
Check: dependencies in R code
Result: NOTE
Namespace in Imports field not imported from: ‘sp’
All declared Imports should be used.
Flavors: r-devel-linux-x86_64-fedora-clang, r-devel-linux-x86_64-fedora-gcc, r-release-macos-arm64, r-release-macos-x86_64, r-oldrel-macos-arm64, r-oldrel-macos-x86_64