CRAN Package Check Results for Package gen5helper

Last updated on 2023-01-26 19:49:28 CET.

Flavor Version Tinstall Tcheck Ttotal Status Flags
r-devel-linux-x86_64-debian-clang 1.0.1 6.07 51.10 57.17 NOTE
r-devel-linux-x86_64-debian-gcc 1.0.1 4.33 38.09 42.42 NOTE
r-devel-linux-x86_64-fedora-clang 1.0.1 75.76 NOTE
r-devel-linux-x86_64-fedora-gcc 1.0.1 74.89 NOTE
r-devel-windows-x86_64 1.0.1 19.00 77.00 96.00 NOTE
r-patched-linux-x86_64 1.0.1 5.75 49.88 55.63 NOTE
r-release-linux-x86_64 1.0.1 5.44 49.78 55.22 NOTE
r-release-macos-arm64 1.0.1 24.00 NOTE
r-release-macos-x86_64 1.0.1 45.00 NOTE
r-release-windows-x86_64 1.0.1 26.00 78.00 104.00 NOTE
r-oldrel-macos-arm64 1.0.1 27.00 NOTE
r-oldrel-macos-x86_64 1.0.1 34.00 NOTE
r-oldrel-windows-ix86+x86_64 1.0.1 15.00 74.00 89.00 NOTE

Additional issues

donttest

Check Details

Version: 1.0.1
Check: LazyData
Result: NOTE
     'LazyData' is specified without a 'data' directory
Flavors: r-devel-linux-x86_64-debian-clang, r-devel-linux-x86_64-debian-gcc, r-devel-linux-x86_64-fedora-clang, r-devel-linux-x86_64-fedora-gcc, r-devel-windows-x86_64, r-patched-linux-x86_64, r-release-linux-x86_64, r-release-macos-arm64, r-release-macos-x86_64, r-release-windows-x86_64, r-oldrel-macos-arm64, r-oldrel-macos-x86_64, r-oldrel-windows-ix86+x86_64

Version: 1.0.1
Check: dependencies in R code
Result: NOTE
    Namespaces in Imports field not imported from:
     ‘ggplot2’ ‘pracma’ ‘rlang’
     All declared Imports should be used.
Flavors: r-devel-linux-x86_64-fedora-clang, r-devel-linux-x86_64-fedora-gcc, r-release-macos-arm64, r-release-macos-x86_64, r-oldrel-macos-arm64, r-oldrel-macos-x86_64