CRAN Package Check Results for Package genderBR

Last updated on 2021-11-30 19:51:24 CET.

Flavor Version Tinstall Tcheck Ttotal Status Flags
r-devel-linux-x86_64-debian-clang 1.1.2 2.58 27.21 29.79 OK
r-devel-linux-x86_64-debian-gcc 1.1.2 2.17 21.51 23.68 OK
r-devel-linux-x86_64-fedora-clang 1.1.2 47.61 NOTE
r-devel-linux-x86_64-fedora-gcc 1.1.2 36.45 NOTE
r-devel-windows-x86_64-new-UL 1.1.2 8.00 60.00 68.00 OK
r-devel-windows-x86_64-new-TK 1.1.2 NOTE
r-devel-windows-x86_64-old 1.1.2 6.00 33.00 39.00 OK
r-patched-linux-x86_64 1.1.2 2.78 25.98 28.76 OK
r-patched-solaris-x86 1.1.2 55.90 NOTE
r-release-linux-x86_64 1.1.2 2.91 25.73 28.64 OK
r-release-macos-arm64 1.1.2 NOTE
r-release-macos-x86_64 1.1.2 NOTE
r-release-windows-ix86+x86_64 1.1.2 7.00 33.00 40.00 OK
r-oldrel-macos-x86_64 1.1.2 NOTE
r-oldrel-windows-ix86+x86_64 1.1.2 5.00 33.00 38.00 OK

Check Details

Version: 1.1.2
Check: dependencies in R code
Result: NOTE
    Namespace in Imports field not imported from: ‘purrr’
     All declared Imports should be used.
Flavors: r-devel-linux-x86_64-fedora-clang, r-devel-linux-x86_64-fedora-gcc, r-devel-windows-x86_64-new-TK, r-patched-solaris-x86, r-release-macos-arm64, r-release-macos-x86_64, r-oldrel-macos-x86_64