CRAN Package Check Results for Package genetics

Last updated on 2021-11-28 19:48:52 CET.

Flavor Version Tinstall Tcheck Ttotal Status Flags
r-devel-linux-x86_64-debian-clang 1.3.8.1.3 OK
r-devel-linux-x86_64-debian-gcc 1.3.8.1.3 4.73 49.53 54.26 OK
r-devel-linux-x86_64-fedora-clang 1.3.8.1.3 98.23 NOTE
r-devel-linux-x86_64-fedora-gcc 1.3.8.1.3 87.15 OK
r-devel-windows-x86_64-new-UL 1.3.8.1.3 18.00 105.00 123.00 OK
r-devel-windows-x86_64-new-TK 1.3.8.1.3 OK
r-devel-windows-x86_64-old 1.3.8.1.3 7.00 85.00 92.00 OK
r-patched-linux-x86_64 1.3.8.1.3 6.92 63.60 70.52 OK
r-patched-solaris-x86 1.3.8.1.3 101.50 OK
r-release-linux-x86_64 1.3.8.1.3 5.76 64.69 70.45 OK
r-release-macos-arm64 1.3.8.1.3 OK
r-release-macos-x86_64 1.3.8.1.3 OK
r-release-windows-ix86+x86_64 1.3.8.1.3 11.00 58.00 69.00 OK
r-oldrel-macos-x86_64 1.3.8.1.3 OK
r-oldrel-windows-ix86+x86_64 1.3.8.1.3 9.00 84.00 93.00 OK

Check Details

Version: 1.3.8.1.3
Check: Rd cross-references
Result: NOTE
    Undeclared package ‘bootstrap’ in Rd xrefs
Flavor: r-devel-linux-x86_64-fedora-clang