CRAN Package Check Results for Package genie

Last updated on 2025-01-24 19:48:27 CET.

Flavor Version Tinstall Tcheck Ttotal Status Flags
r-devel-linux-x86_64-debian-clang 1.0.5 36.15 25.13 61.28 NOTE
r-devel-linux-x86_64-debian-gcc 1.0.5 24.42 20.10 44.52 NOTE
r-devel-linux-x86_64-fedora-clang 1.0.5 124.46 NOTE
r-devel-linux-x86_64-fedora-gcc 1.0.5 116.60 NOTE
r-devel-windows-x86_64 1.0.5 38.00 74.00 112.00 NOTE
r-patched-linux-x86_64 1.0.5 34.71 24.65 59.36 NOTE
r-release-linux-x86_64 1.0.5 33.11 24.07 57.18 NOTE
r-release-macos-arm64 1.0.5 36.00 NOTE
r-release-macos-x86_64 1.0.5 40.00 NOTE
r-release-windows-x86_64 1.0.5 40.00 75.00 115.00 NOTE
r-oldrel-macos-arm64 1.0.5 44.00 NOTE
r-oldrel-macos-x86_64 1.0.5 67.00 NOTE
r-oldrel-windows-x86_64 1.0.5 39.00 78.00 117.00 NOTE

Check Details

Version: 1.0.5
Check: C++ specification
Result: NOTE Specified C++11: please drop specification unless essential Flavors: r-devel-linux-x86_64-debian-clang, r-devel-linux-x86_64-debian-gcc, r-devel-linux-x86_64-fedora-clang, r-devel-linux-x86_64-fedora-gcc, r-devel-windows-x86_64, r-patched-linux-x86_64, r-release-linux-x86_64, r-release-macos-arm64, r-release-macos-x86_64, r-release-windows-x86_64, r-oldrel-macos-arm64, r-oldrel-macos-x86_64, r-oldrel-windows-x86_64