Last updated on 2023-12-10 19:49:12 CET.
Flavor | Version | Tinstall | Tcheck | Ttotal | Status | Flags |
---|---|---|---|---|---|---|
r-devel-linux-x86_64-debian-clang | 0.1.1 | 35.39 | 62.19 | 97.58 | NOTE | |
r-devel-linux-x86_64-debian-gcc | 0.1.1 | 22.17 | 49.19 | 71.36 | NOTE | |
r-devel-linux-x86_64-fedora-clang | 0.1.1 | 119.57 | NOTE | |||
r-devel-linux-x86_64-fedora-gcc | 0.1.1 | 108.01 | NOTE | |||
r-devel-windows-x86_64 | 0.1.1 | 26.00 | 74.00 | 100.00 | NOTE | |
r-patched-linux-x86_64 | 0.1.1 | 27.86 | 54.72 | 82.58 | NOTE | |
r-release-linux-x86_64 | 0.1.1 | 27.19 | 53.31 | 80.50 | NOTE | |
r-release-macos-arm64 | 0.1.1 | 32.00 | NOTE | |||
r-release-macos-x86_64 | 0.1.1 | 48.00 | NOTE | |||
r-release-windows-x86_64 | 0.1.1 | 32.00 | 90.00 | 122.00 | NOTE | |
r-oldrel-macos-arm64 | 0.1.1 | 30.00 | OK | |||
r-oldrel-macos-x86_64 | 0.1.1 | 37.00 | OK | |||
r-oldrel-windows-x86_64 | 0.1.1 | 33.00 | 92.00 | 125.00 | OK |
Version: 0.1.1
Check: C++ specification
Result: NOTE
Specified C++11: please drop specification unless essential
Flavors: r-devel-linux-x86_64-debian-clang, r-devel-linux-x86_64-debian-gcc, r-devel-linux-x86_64-fedora-clang, r-devel-linux-x86_64-fedora-gcc, r-devel-windows-x86_64, r-patched-linux-x86_64, r-release-linux-x86_64, r-release-macos-arm64, r-release-macos-x86_64, r-release-windows-x86_64