CRAN Package Check Results for Package geodrawr

Last updated on 2021-07-27 21:49:50 CEST.

Flavor Version Tinstall Tcheck Ttotal Status Flags
r-devel-linux-x86_64-debian-clang 2.0.0 5.51 56.16 61.67 NOTE
r-devel-linux-x86_64-debian-gcc 2.0.0 4.35 42.96 47.31 NOTE
r-devel-linux-x86_64-fedora-clang 2.0.0 84.91 NOTE
r-devel-linux-x86_64-fedora-gcc 2.0.0 73.69 NOTE
r-devel-windows-x86_64 2.0.0 11.00 72.00 83.00 NOTE
r-devel-windows-x86_64-gcc10-UCRT 2.0.0 NOTE
r-patched-linux-x86_64 2.0.0 4.65 53.12 57.77 NOTE
r-patched-solaris-x86 2.0.0 108.40 NOTE
r-release-linux-x86_64 2.0.0 4.24 53.33 57.57 NOTE
r-release-macos-arm64 2.0.0 NOTE
r-release-macos-x86_64 2.0.0 NOTE
r-release-windows-ix86+x86_64 2.0.0 16.00 50.00 66.00 NOTE
r-oldrel-macos-x86_64 2.0.0 OK
r-oldrel-windows-ix86+x86_64 2.0.0 24.00 73.00 97.00 OK

Check Details

Version: 2.0.0
Check: LazyData
Result: NOTE
     'LazyData' is specified without a 'data' directory
Flavors: r-devel-linux-x86_64-debian-clang, r-devel-linux-x86_64-debian-gcc, r-devel-linux-x86_64-fedora-clang, r-devel-linux-x86_64-fedora-gcc, r-devel-windows-x86_64, r-devel-windows-x86_64-gcc10-UCRT, r-patched-linux-x86_64, r-patched-solaris-x86, r-release-linux-x86_64, r-release-macos-arm64, r-release-macos-x86_64, r-release-windows-ix86+x86_64