CRAN Package Check Results for Package geogrid

Last updated on 2021-12-03 19:50:11 CET.

Flavor Version Tinstall Tcheck Ttotal Status Flags
r-devel-linux-x86_64-debian-clang 0.1.1 35.40 87.77 123.17 NOTE
r-devel-linux-x86_64-debian-gcc 0.1.1 22.89 67.44 90.33 NOTE
r-devel-linux-x86_64-fedora-clang 0.1.1 166.52 NOTE
r-devel-linux-x86_64-fedora-gcc 0.1.1 152.29 NOTE
r-devel-windows-x86_64-new-UL 0.1.1 47.00 148.00 195.00 NOTE
r-devel-windows-x86_64-new-TK 0.1.1 NOTE
r-devel-windows-x86_64-old 0.1.1 43.00 90.00 133.00 NOTE
r-patched-linux-x86_64 0.1.1 31.29 83.38 114.67 NOTE
r-release-linux-x86_64 0.1.1 29.91 83.77 113.68 NOTE
r-release-macos-arm64 0.1.1 NOTE
r-release-macos-x86_64 0.1.1 NOTE
r-release-windows-ix86+x86_64 0.1.1 82.00 175.00 257.00 NOTE
r-oldrel-macos-x86_64 0.1.1 OK
r-oldrel-windows-ix86+x86_64 0.1.1 82.00 179.00 261.00 NOTE

Check Details

Version: 0.1.1
Check: LazyData
Result: NOTE
     'LazyData' is specified without a 'data' directory
Flavors: r-devel-linux-x86_64-debian-clang, r-devel-linux-x86_64-debian-gcc, r-devel-linux-x86_64-fedora-clang, r-devel-linux-x86_64-fedora-gcc, r-devel-windows-x86_64-new-UL, r-devel-windows-x86_64-new-TK, r-devel-windows-x86_64-old, r-patched-linux-x86_64, r-release-linux-x86_64, r-release-macos-arm64, r-release-macos-x86_64, r-release-windows-ix86+x86_64

Version: 0.1.1
Check: installed package size
Result: NOTE
     installed size is 5.2Mb
     sub-directories of 1Mb or more:
     extdata 3.1Mb
     libs 2.0Mb
Flavors: r-release-windows-ix86+x86_64, r-oldrel-windows-ix86+x86_64