Last updated on 2025-01-24 19:48:27 CET.
Flavor | Version | Tinstall | Tcheck | Ttotal | Status | Flags |
---|---|---|---|---|---|---|
r-devel-linux-x86_64-debian-clang | 1.5-20 | 76.18 | 76.03 | 152.21 | OK | |
r-devel-linux-x86_64-debian-gcc | 1.5-20 | 51.77 | 53.05 | 104.82 | OK | |
r-devel-linux-x86_64-fedora-clang | 1.5-20 | 304.69 | OK | |||
r-devel-linux-x86_64-fedora-gcc | 1.5-20 | 289.43 | OK | |||
r-devel-windows-x86_64 | 1.5-20 | 92.00 | 130.00 | 222.00 | OK | |
r-patched-linux-x86_64 | 1.5-20 | 75.03 | 71.91 | 146.94 | OK | |
r-release-linux-x86_64 | 1.5-20 | 73.50 | 72.92 | 146.42 | OK | |
r-release-macos-arm64 | 1.5-20 | 89.00 | NOTE | |||
r-release-macos-x86_64 | 1.5-20 | 122.00 | NOTE | |||
r-release-windows-x86_64 | 1.5-20 | 90.00 | 123.00 | 213.00 | OK | |
r-oldrel-macos-arm64 | 1.5-20 | 88.00 | NOTE | |||
r-oldrel-macos-x86_64 | 1.5-20 | 122.00 | NOTE | |||
r-oldrel-windows-x86_64 | 1.5-20 | 102.00 | 144.00 | 246.00 | OK |
Version: 1.5-20
Check: installed package size
Result: NOTE
installed size is 6.1Mb
sub-directories of 1Mb or more:
libs 5.1Mb
Flavors: r-release-macos-arm64, r-release-macos-x86_64, r-oldrel-macos-arm64, r-oldrel-macos-x86_64