CRAN Package Check Results for Package geostan

Last updated on 2024-07-18 21:48:14 CEST.

Flavor Version Tinstall Tcheck Ttotal Status Flags
r-devel-linux-x86_64-debian-clang 0.6.2 340.24 549.98 890.22 NOTE
r-devel-linux-x86_64-debian-gcc 0.6.2 280.53 443.93 724.46 NOTE
r-devel-linux-x86_64-fedora-clang 0.6.2 1084.72 NOTE
r-devel-linux-x86_64-fedora-gcc 0.6.2 1238.77 NOTE
r-devel-windows-x86_64 0.6.2 237.00 663.00 900.00 NOTE
r-patched-linux-x86_64 0.6.2 0.01 3.06 3.07 ERROR
r-release-linux-x86_64 0.6.2 232.06 578.90 810.96 NOTE
r-release-macos-arm64 0.6.2 330.00 NOTE
r-release-macos-x86_64 0.6.2 898.00 NOTE
r-release-windows-x86_64 0.6.2 230.00 662.00 892.00 NOTE
r-oldrel-macos-arm64 0.6.2 555.00 NOTE
r-oldrel-macos-x86_64 0.6.2 1316.00 NOTE
r-oldrel-windows-x86_64 0.6.2 322.00 634.00 956.00 NOTE

Check Details

Version: 0.6.2
Check: for GNU extensions in Makefiles
Result: NOTE GNU make is a SystemRequirements. Flavors: r-devel-linux-x86_64-debian-clang, r-devel-linux-x86_64-debian-gcc, r-devel-linux-x86_64-fedora-clang, r-devel-linux-x86_64-fedora-gcc, r-devel-windows-x86_64, r-release-linux-x86_64, r-release-macos-arm64, r-release-macos-x86_64, r-release-windows-x86_64, r-oldrel-macos-arm64, r-oldrel-macos-x86_64, r-oldrel-windows-x86_64

Version: 0.6.2
Check: installed package size
Result: NOTE installed size is 6.2Mb sub-directories of 1Mb or more: libs 4.2Mb Flavors: r-devel-linux-x86_64-fedora-clang, r-devel-windows-x86_64, r-release-macos-arm64, r-release-macos-x86_64, r-release-windows-x86_64, r-oldrel-macos-arm64, r-oldrel-macos-x86_64, r-oldrel-windows-x86_64

Version: 0.6.2
Check: dependencies in R code
Result: NOTE Namespaces in Imports field not imported from: ‘RcppParallel’ ‘rstantools’ All declared Imports should be used. Flavors: r-devel-linux-x86_64-fedora-clang, r-devel-linux-x86_64-fedora-gcc

Version: 0.6.2
Check: whether package can be installed
Result: ERROR Installation failed. Flavor: r-patched-linux-x86_64