CRAN Package Check Results for Package geouy

Last updated on 2024-02-29 20:05:27 CET.

Flavor Version Tinstall Tcheck Ttotal Status Flags
r-devel-linux-x86_64-debian-clang 0.2.8 38.78 332.30 371.08 OK
r-devel-linux-x86_64-debian-gcc 0.2.8 29.96 242.44 272.40 OK
r-devel-linux-x86_64-fedora-clang 0.2.8 447.84 NOTE
r-devel-linux-x86_64-fedora-gcc 0.2.8 465.29 NOTE
r-devel-windows-x86_64 0.2.8 29.00 209.00 238.00 OK
r-patched-linux-x86_64 0.2.8 29.90 317.21 347.11 OK
r-release-linux-x86_64 0.2.8 31.04 307.98 339.02 OK
r-release-macos-arm64 0.2.8 105.00 OK
r-release-macos-x86_64 0.2.8 223.00 OK
r-release-windows-x86_64 0.2.8 40.00 283.00 323.00 OK
r-oldrel-macos-arm64 0.2.8 104.00 OK
r-oldrel-windows-x86_64 0.2.8 39.00 265.00 304.00 OK

Check Details

Version: 0.2.8
Check: data for non-ASCII characters
Result: NOTE Note: found 64 marked Latin-1 strings Note: found 25 marked UTF-8 strings Flavors: r-devel-linux-x86_64-fedora-clang, r-devel-linux-x86_64-fedora-gcc