CRAN Package Check Results for Package gfonts

Last updated on 2024-03-03 19:56:23 CET.

Flavor Version Tinstall Tcheck Ttotal Status Flags
r-devel-linux-x86_64-debian-clang 0.2.0 5.14 51.69 56.83 NOTE
r-devel-linux-x86_64-debian-gcc 0.2.0 4.50 40.64 45.14 NOTE
r-devel-linux-x86_64-fedora-clang 0.2.0 71.85 NOTE
r-devel-linux-x86_64-fedora-gcc 0.2.0 81.31 NOTE
r-devel-windows-x86_64 0.2.0 7.00 63.00 70.00 OK
r-patched-linux-x86_64 0.2.0 6.48 49.60 56.08 OK
r-release-linux-x86_64 0.2.0 5.80 50.08 55.88 OK
r-release-macos-arm64 0.2.0 34.00 OK
r-release-macos-x86_64 0.2.0 51.00 OK
r-release-windows-x86_64 0.2.0 9.00 71.00 80.00 OK
r-oldrel-macos-arm64 0.2.0 29.00 OK
r-oldrel-windows-x86_64 0.2.0 9.00 72.00 81.00 OK

Check Details

Version: 0.2.0
Check: Rd files
Result: NOTE checkRd: (-1) gfonts.Rd:8: Lost braces; missing escapes or markup? 8 | Download Google fonts and generate CSS to use in {rmarkdown} documents and | ^ checkRd: (-1) gfonts.Rd:9: Lost braces; missing escapes or markup? 9 | {shiny} applications. Some popular fonts are included and ready to use. | ^ checkRd: (-1) use_pkg_gfont.Rd:5: Lost braces; missing escapes or markup? 5 | \title{Use a Google Font included in {gfonts}} | ^ Flavors: r-devel-linux-x86_64-debian-clang, r-devel-linux-x86_64-debian-gcc, r-devel-linux-x86_64-fedora-clang, r-devel-linux-x86_64-fedora-gcc