CRAN Package Check Results for Package ggExtra

Last updated on 2021-05-05 22:51:35 CEST.

Flavor Version Tinstall Tcheck Ttotal Status Flags
r-devel-linux-x86_64-debian-clang 0.9 6.15 51.38 57.53 NOTE
r-devel-linux-x86_64-debian-gcc 0.9 4.61 38.80 43.41 NOTE
r-devel-linux-x86_64-fedora-clang 0.9 75.94 NOTE
r-devel-linux-x86_64-fedora-gcc 0.9 66.33 NOTE
r-devel-windows-ix86+x86_64 0.9 12.00 73.00 85.00 NOTE
r-devel-windows-x86_64-gcc10-UCRT 0.9 NOTE
r-patched-linux-x86_64 0.9 5.11 48.79 53.90 NOTE
r-patched-solaris-x86 0.9 98.90 NOTE
r-release-linux-x86_64 0.9 4.31 47.72 52.03 OK
r-release-macos-x86_64 0.9 NOTE
r-release-windows-ix86+x86_64 0.9 8.00 56.00 64.00 OK
r-oldrel-macos-x86_64 0.9 NOTE
r-oldrel-windows-ix86+x86_64 0.9 9.00 73.00 82.00 OK

Check Details

Version: 0.9
Check: LazyData
Result: NOTE
     'LazyData' is specified without a 'data' directory
Flavors: r-devel-linux-x86_64-debian-clang, r-devel-linux-x86_64-debian-gcc, r-devel-linux-x86_64-fedora-clang, r-devel-linux-x86_64-fedora-gcc, r-devel-windows-ix86+x86_64, r-devel-windows-x86_64-gcc10-UCRT, r-patched-linux-x86_64

Version: 0.9
Check: dependencies in R code
Result: NOTE
    Namespaces in Imports field not imported from:
     ‘R6’ ‘grDevices’ ‘scales’ ‘utils’
     All declared Imports should be used.
Flavors: r-devel-linux-x86_64-fedora-clang, r-devel-linux-x86_64-fedora-gcc, r-devel-windows-x86_64-gcc10-UCRT, r-patched-solaris-x86, r-release-macos-x86_64, r-oldrel-macos-x86_64