CRAN Package Check Results for Package ggHoriPlot

Last updated on 2021-12-04 19:52:56 CET.

Flavor Version Tinstall Tcheck Ttotal Status Flags
r-devel-linux-x86_64-debian-clang 1.0.0 6.45 192.57 199.02 OK
r-devel-linux-x86_64-debian-gcc 1.0.0 5.22 136.30 141.52 OK
r-devel-linux-x86_64-fedora-clang 1.0.0 221.88 NOTE
r-devel-linux-x86_64-fedora-gcc 1.0.0 208.42 OK
r-devel-windows-x86_64-new-UL 1.0.0 17.00 246.00 263.00 OK
r-devel-windows-x86_64-new-TK 1.0.0 OK
r-devel-windows-x86_64-old 1.0.0 14.00 164.00 178.00 OK
r-patched-linux-x86_64 1.0.0 7.14 163.51 170.65 OK
r-release-linux-x86_64 1.0.0 5.83 162.95 168.78 OK
r-release-macos-arm64 1.0.0 OK
r-release-macos-x86_64 1.0.0 OK
r-release-windows-ix86+x86_64 1.0.0 16.00 213.00 229.00 OK
r-oldrel-macos-x86_64 1.0.0 OK
r-oldrel-windows-ix86+x86_64 1.0.0 16.00 210.00 226.00 OK

Check Details

Version: 1.0.0
Check: Rd cross-references
Result: NOTE
    Undeclared package ‘rlang’ in Rd xrefs
Flavor: r-devel-linux-x86_64-fedora-clang