CRAN Package Check Results for Package ggPMX

Last updated on 2022-01-23 19:48:30 CET.

Flavor Version Tinstall Tcheck Ttotal Status Flags
r-devel-linux-x86_64-debian-clang 1.2.5 16.59 382.11 398.70 OK
r-devel-linux-x86_64-debian-gcc 1.2.5 13.32 290.05 303.37 OK
r-devel-linux-x86_64-fedora-clang 1.2.5 415.26 NOTE
r-devel-linux-x86_64-fedora-gcc 1.2.5 197.70 OK
r-devel-windows-x86_64-new-UL 1.2.5 230.00 454.00 684.00 NOTE
r-devel-windows-x86_64-new-TK 1.2.5 OK
r-patched-linux-x86_64 1.2.5 16.45 320.62 337.07 OK
r-release-linux-x86_64 1.2.5 15.34 319.41 334.75 OK
r-release-macos-arm64 1.2.5 NOTE
r-release-macos-x86_64 1.2.5 NOTE
r-release-windows-ix86+x86_64 1.2.5 31.00 337.00 368.00 NOTE
r-oldrel-macos-x86_64 1.2.4 NOTE
r-oldrel-windows-ix86+x86_64 1.2.5 32.00 349.00 381.00 NOTE

Check Details

Version: 1.2.5
Check: installed package size
Result: NOTE
     installed size is 8.7Mb
     sub-directories of 1Mb or more:
     doc 1.1Mb
     help 2.1Mb
     testdata 4.8Mb
Flavors: r-devel-linux-x86_64-fedora-clang, r-devel-windows-x86_64-new-UL, r-release-macos-arm64, r-release-macos-x86_64, r-release-windows-ix86+x86_64, r-oldrel-windows-ix86+x86_64

Version: 1.2.4
Check: installed package size
Result: NOTE
     installed size is 8.6Mb
     sub-directories of 1Mb or more:
     doc 1.1Mb
     help 2.1Mb
     testdata 4.8Mb
Flavor: r-oldrel-macos-x86_64