CRAN Package Check Results for Package ggbreak

Last updated on 2021-11-30 19:51:24 CET.

Flavor Version Tinstall Tcheck Ttotal Status Flags
r-devel-linux-x86_64-debian-clang 0.0.7 5.25 82.91 88.16 OK
r-devel-linux-x86_64-debian-gcc 0.0.7 4.36 61.00 65.36 OK
r-devel-linux-x86_64-fedora-clang 0.0.7 115.67 OK
r-devel-linux-x86_64-fedora-gcc 0.0.7 99.99 OK
r-devel-windows-x86_64-new-UL 0.0.7 13.00 125.00 138.00 OK
r-devel-windows-x86_64-new-TK 0.0.7 OK
r-devel-windows-x86_64-old 0.0.7 11.00 81.00 92.00 OK
r-patched-linux-x86_64 0.0.7 4.80 73.89 78.69 OK
r-patched-solaris-x86 0.0.7 100.50 OK
r-release-linux-x86_64 0.0.7 4.75 75.80 80.55 OK
r-release-macos-arm64 0.0.7 OK
r-release-macos-x86_64 0.0.7 OK
r-release-windows-ix86+x86_64 0.0.7 16.00 74.00 90.00 OK
r-oldrel-macos-x86_64 0.0.7 ERROR
r-oldrel-windows-ix86+x86_64 0.0.7 13.00 75.00 88.00 OK

Check Details

Version: 0.0.7
Check: package dependencies
Result: ERROR
    Package required and available but unsuitable version: ‘aplot’
    
    See section ‘The DESCRIPTION file’ in the ‘Writing R Extensions’
    manual.
Flavor: r-oldrel-macos-x86_64