CRAN Package Check Results for Package ggbuildr

Last updated on 2022-01-27 19:51:00 CET.

Flavor Version Tinstall Tcheck Ttotal Status Flags
r-devel-linux-x86_64-debian-clang 0.1.0 3.69 61.97 65.66 NOTE
r-devel-linux-x86_64-debian-gcc 0.1.0 3.09 46.17 49.26 NOTE
r-devel-linux-x86_64-fedora-clang 0.1.0 79.21 NOTE
r-devel-linux-x86_64-fedora-gcc 0.1.0 67.45 NOTE
r-devel-windows-x86_64-new-UL 0.1.0 15.00 85.00 100.00 NOTE
r-devel-windows-x86_64-new-TK 0.1.0 NOTE
r-patched-linux-x86_64 0.1.0 3.20 55.65 58.85 NOTE
r-release-linux-x86_64 0.1.0 3.65 54.65 58.30 NOTE
r-release-macos-arm64 0.1.0 NOTE
r-release-macos-x86_64 0.1.0 NOTE
r-release-windows-ix86+x86_64 0.1.0 12.00 71.00 83.00 NOTE
r-oldrel-macos-x86_64 0.1.0 OK
r-oldrel-windows-ix86+x86_64 0.1.0 12.00 68.00 80.00 OK

Check Details

Version: 0.1.0
Check: LazyData
Result: NOTE
     'LazyData' is specified without a 'data' directory
Flavors: r-devel-linux-x86_64-debian-clang, r-devel-linux-x86_64-debian-gcc, r-devel-linux-x86_64-fedora-clang, r-devel-linux-x86_64-fedora-gcc, r-devel-windows-x86_64-new-UL, r-devel-windows-x86_64-new-TK, r-patched-linux-x86_64, r-release-linux-x86_64, r-release-macos-arm64, r-release-macos-x86_64, r-release-windows-ix86+x86_64