Last updated on 2023-01-28 19:52:16 CET.
Flavor | Version | Tinstall | Tcheck | Ttotal | Status | Flags |
---|---|---|---|---|---|---|
r-devel-linux-x86_64-debian-clang | 0.7.1 | 64.99 | 622.24 | 687.23 | OK | |
r-devel-linux-x86_64-debian-gcc | 0.7.1 | 57.61 | 470.05 | 527.66 | OK | |
r-devel-linux-x86_64-fedora-clang | 0.7.1 | 873.39 | NOTE | |||
r-devel-linux-x86_64-fedora-gcc | 0.7.1 | 743.92 | OK | |||
r-devel-windows-x86_64 | 0.7.1 | 101.00 | 630.00 | 731.00 | NOTE | |
r-patched-linux-x86_64 | 0.7.1 | 70.33 | 605.73 | 676.06 | OK | |
r-release-linux-x86_64 | 0.7.1 | 57.32 | 614.67 | 671.99 | OK | |
r-release-macos-arm64 | 0.7.1 | 7.00 | ERROR | |||
r-release-macos-x86_64 | 0.7.1 | 8.00 | ERROR | |||
r-release-windows-x86_64 | 0.7.1 | 111.00 | 652.00 | 763.00 | NOTE | |
r-oldrel-macos-arm64 | 0.7.1 | 18.00 | ERROR | |||
r-oldrel-macos-x86_64 | 0.7.1 | 12.00 | ERROR | |||
r-oldrel-windows-ix86+x86_64 | 0.7.1 | 145.00 | 614.00 | 759.00 | NOTE |
Version: 0.7.1
Check: package dependencies
Result: NOTE
Imports includes 21 non-default packages.
Importing from so many packages makes the package vulnerable to any of
them becoming unavailable. Move as many as possible to Suggests and
use conditionally.
Flavor: r-devel-linux-x86_64-fedora-clang
Version: 0.7.1
Check: installed package size
Result: NOTE
installed size is 7.1Mb
sub-directories of 1Mb or more:
doc 5.2Mb
extdata 1.2Mb
Flavors: r-devel-linux-x86_64-fedora-clang, r-devel-windows-x86_64, r-release-windows-x86_64, r-oldrel-windows-ix86+x86_64
Version: 0.7.1
Check: package dependencies
Result: ERROR
Package required but not available: ‘ggbio’
Package suggested but not available for checking: ‘BSgenome.Hsapiens.UCSC.hg19’
See section ‘The DESCRIPTION file’ in the ‘Writing R Extensions’
manual.
Flavors: r-release-macos-arm64, r-release-macos-x86_64
Version: 0.7.1
Check: package dependencies
Result: ERROR
Package required but not available: ‘ggbio’
See section ‘The DESCRIPTION file’ in the ‘Writing R Extensions’
manual.
Flavors: r-oldrel-macos-arm64, r-oldrel-macos-x86_64