CRAN Package Check Results for Package ggdendro

Last updated on 2021-05-17 21:49:36 CEST.

Flavor Version Tinstall Tcheck Ttotal Status Flags
r-devel-linux-x86_64-debian-clang 0.1.22 5.11 66.30 71.41 NOTE
r-devel-linux-x86_64-debian-gcc 0.1.22 3.34 48.17 51.51 NOTE
r-devel-linux-x86_64-fedora-clang 0.1.22 93.42 NOTE
r-devel-linux-x86_64-fedora-gcc 0.1.22 77.86 NOTE
r-devel-windows-ix86+x86_64 0.1.22 13.00 79.00 92.00 NOTE
r-devel-windows-x86_64-gcc10-UCRT 0.1.22 NOTE
r-patched-linux-x86_64 0.1.22 4.94 61.29 66.23 NOTE
r-patched-solaris-x86 0.1.22 113.50 NOTE
r-release-linux-x86_64 0.1.22 5.23 60.52 65.75 OK
r-release-macos-x86_64 0.1.22 OK
r-release-windows-ix86+x86_64 0.1.22 11.00 66.00 77.00 OK
r-oldrel-macos-x86_64 0.1.22 OK
r-oldrel-windows-ix86+x86_64 0.1.22 8.00 88.00 96.00 OK

Check Details

Version: 0.1.22
Check: LazyData
Result: NOTE
     'LazyData' is specified without a 'data' directory
Flavors: r-devel-linux-x86_64-debian-clang, r-devel-linux-x86_64-debian-gcc, r-devel-linux-x86_64-fedora-clang, r-devel-linux-x86_64-fedora-gcc, r-devel-windows-ix86+x86_64, r-devel-windows-x86_64-gcc10-UCRT, r-patched-linux-x86_64, r-patched-solaris-x86