CRAN Package Check Results for Package ggheatmap

Last updated on 2022-01-17 19:49:36 CET.

Flavor Version Tinstall Tcheck Ttotal Status Flags
r-devel-linux-x86_64-debian-clang 2.1 6.64 67.51 74.15 OK
r-devel-linux-x86_64-debian-gcc 2.1 4.82 50.43 55.25 OK
r-devel-linux-x86_64-fedora-clang 2.1 90.99 OK
r-devel-linux-x86_64-fedora-gcc 2.1 75.18 OK
r-devel-windows-x86_64-new-UL 2.1 20.00 84.00 104.00 OK
r-devel-windows-x86_64-new-TK 2.1 ERROR
r-patched-linux-x86_64 2.1 12.03 63.43 75.46 OK
r-release-linux-x86_64 2.1 OK
r-release-macos-arm64 2.1 OK
r-release-macos-x86_64 2.1 OK
r-release-windows-ix86+x86_64 2.1 15.00 79.00 94.00 OK
r-oldrel-macos-x86_64 2.1 OK
r-oldrel-windows-ix86+x86_64 2.1 19.00 79.00 98.00 OK

Check Details

Version: 2.1
Check: package dependencies
Result: ERROR
    Packages required but not available: 'factoextra', 'ggpubr'
    
    See section 'The DESCRIPTION file' in the 'Writing R Extensions'
    manual.
Flavor: r-devel-windows-x86_64-new-TK