CRAN Package Check Results for Package gghilbertstrings

Last updated on 2024-02-25 19:49:58 CET.

Flavor Version Tinstall Tcheck Ttotal Status Flags
r-devel-linux-x86_64-debian-clang 0.3.3 18.50 116.79 135.29 NOTE
r-devel-linux-x86_64-debian-gcc 0.3.3 14.11 94.14 108.25 NOTE
r-devel-linux-x86_64-fedora-clang 0.3.3 173.84 NOTE
r-devel-linux-x86_64-fedora-gcc 0.3.3 164.61 NOTE
r-devel-windows-x86_64 0.3.3 18.00 113.00 131.00 NOTE
r-patched-linux-x86_64 0.3.3 17.26 117.71 134.97 NOTE
r-release-linux-x86_64 0.3.3 18.27 121.27 139.54 NOTE
r-release-macos-arm64 0.3.3 39.00 NOTE
r-release-macos-x86_64 0.3.3 79.00 NOTE
r-release-windows-x86_64 0.3.3 23.00 149.00 172.00 NOTE
r-oldrel-macos-arm64 0.3.3 36.00 OK
r-oldrel-windows-x86_64 0.3.3 23.00 140.00 163.00 OK

Check Details

Version: 0.3.3
Check: C++ specification
Result: NOTE Specified C++11: please drop specification unless essential Flavors: r-devel-linux-x86_64-debian-clang, r-devel-linux-x86_64-debian-gcc, r-devel-linux-x86_64-fedora-clang, r-devel-linux-x86_64-fedora-gcc, r-devel-windows-x86_64, r-patched-linux-x86_64, r-release-linux-x86_64, r-release-macos-arm64, r-release-macos-x86_64, r-release-windows-x86_64