CRAN Package Check Results for Package ggip

Last updated on 2023-02-03 19:52:06 CET.

Flavor Version Tinstall Tcheck Ttotal Status Flags
r-devel-linux-x86_64-debian-clang 0.3.1 43.35 88.98 132.33 NOTE
r-devel-linux-x86_64-debian-gcc 0.3.1 29.18 65.83 95.01 NOTE
r-devel-linux-x86_64-fedora-clang 0.3.1 171.09 NOTE
r-devel-linux-x86_64-fedora-gcc 0.3.1 178.10 NOTE
r-devel-windows-x86_64 0.3.1 58.00 143.00 201.00 NOTE
r-patched-linux-x86_64 0.3.1 35.12 84.22 119.34 OK
r-release-linux-x86_64 0.3.1 32.90 84.18 117.08 OK
r-release-macos-arm64 0.3.1 49.00 OK
r-release-macos-x86_64 0.3.1 65.00 OK
r-release-windows-x86_64 0.3.1 48.00 143.00 191.00 OK
r-oldrel-macos-arm64 0.3.1 48.00 OK
r-oldrel-macos-x86_64 0.3.1 71.00 OK
r-oldrel-windows-ix86+x86_64 0.3.1 100.00 183.00 283.00 OK

Check Details

Version: 0.3.1
Check: C++ specification
Result: NOTE
     Specified C++11: please update to current default of C++17
Flavors: r-devel-linux-x86_64-debian-clang, r-devel-linux-x86_64-debian-gcc, r-devel-linux-x86_64-fedora-clang, r-devel-linux-x86_64-fedora-gcc, r-devel-windows-x86_64