Last updated on 2023-03-27 20:52:15 CEST.
Flavor | Version | Tinstall | Tcheck | Ttotal | Status | Flags |
---|---|---|---|---|---|---|
r-devel-linux-x86_64-debian-clang | 0.3.0 | 17.41 | 230.80 | 248.21 | OK | |
r-devel-linux-x86_64-debian-gcc | 0.3.0 | 14.79 | 171.42 | 186.21 | OK | |
r-devel-linux-x86_64-fedora-clang | 0.3.0 | 332.19 | OK | |||
r-devel-linux-x86_64-fedora-gcc | 0.3.0 | 321.58 | OK | |||
r-devel-windows-x86_64 | 0.3.0 | 67.00 | 186.00 | 253.00 | WARN | |
r-patched-linux-x86_64 | 0.3.0 | 17.78 | 228.94 | 246.72 | OK | |
r-release-linux-x86_64 | 0.3.0 | 11.28 | 220.20 | 231.48 | OK | |
r-release-macos-arm64 | 0.3.0 | 75.00 | OK | |||
r-release-macos-x86_64 | 0.3.0 | 167.00 | OK | |||
r-release-windows-x86_64 | 0.3.0 | 95.00 | 280.00 | 375.00 | OK | |
r-oldrel-macos-arm64 | 0.3.0 | 302.00 | OK | |||
r-oldrel-macos-x86_64 | 0.3.0 | 123.00 | OK | |||
r-oldrel-windows-ix86+x86_64 | 0.3.0 | 36.00 | 249.00 | 285.00 | OK |
Version: 0.3.0
Check: S3 generic/method consistency
Result: WARN
Error: there is no package called 'scales'
Call sequence:
11: doWithOneRestart(return(expr), restart)
10: withOneRestart(expr, restarts[[1L]])
9: withRestarts(stop(cond), retry_loadNamespace = function() NULL)
8: loadNamespace(i, c(lib.loc, .libPaths()), versionCheck = vI[[i]])
7: namespaceImport(ns, loadNamespace(i, c(lib.loc, .libPaths()),
versionCheck = vI[[i]]), from = package)
6: loadNamespace(i, c(lib.loc, .libPaths()), versionCheck = vI[[i]])
5: namespaceImport(ns, loadNamespace(i, c(lib.loc, .libPaths()),
versionCheck = vI[[i]]), from = package)
4: loadNamespace(j <- i[[1L]], c(lib.loc, .libPaths()), versionCheck = vI[[j]])
3: asNamespace(ns)
2: namespaceImportFrom(ns, loadNamespace(j <- i[[1L]], c(lib.loc,
.libPaths()), versionCheck = vI[[j]]), i[[2L]], from = package)
1: loadNamespace(package, lib.loc)
Execution halted
See section 'Generic functions and methods' in the 'Writing R
Extensions' manual.
Flavor: r-devel-windows-x86_64