CRAN Package Check Results for Package ggm

Last updated on 2021-10-15 20:48:29 CEST.

Flavor Version Tinstall Tcheck Ttotal Status Flags
r-devel-linux-x86_64-debian-clang 2.5 10.16 72.48 82.64 OK
r-devel-linux-x86_64-debian-gcc 2.5 7.99 55.25 63.24 OK
r-devel-linux-x86_64-fedora-clang 2.5 109.77 NOTE
r-devel-linux-x86_64-fedora-gcc 2.5 99.40 NOTE
r-devel-windows-x86_64 2.5 13.00 69.00 82.00 OK
r-devel-windows-x86_64-gcc10-UCRT 2.5 NOTE
r-patched-linux-x86_64 2.5 13.93 71.83 85.76 OK
r-patched-solaris-x86 2.5 126.50 NOTE
r-release-linux-x86_64 2.5 10.33 72.01 82.34 OK
r-release-macos-arm64 2.5 NOTE
r-release-macos-x86_64 2.5 NOTE
r-release-windows-ix86+x86_64 2.5 17.00 94.00 111.00 OK
r-oldrel-macos-x86_64 2.5 NOTE
r-oldrel-windows-ix86+x86_64 2.5 17.00 94.00 111.00 OK

Check Details

Version: 2.5
Check: dependencies in R code
Result: NOTE
    Namespace in Imports field not imported from: ‘graph’
     All declared Imports should be used.
Flavors: r-devel-linux-x86_64-fedora-clang, r-devel-linux-x86_64-fedora-gcc, r-devel-windows-x86_64-gcc10-UCRT, r-patched-solaris-x86, r-release-macos-arm64, r-release-macos-x86_64, r-oldrel-macos-x86_64