CRAN Package Check Results for Package ggmotif

Last updated on 2022-05-26 21:50:07 CEST.

Flavor Version Tinstall Tcheck Ttotal Status Flags
r-devel-linux-x86_64-debian-clang 0.1.1 8.77 121.17 129.94 OK
r-devel-linux-x86_64-debian-gcc 0.1.1 8.77 97.34 106.11 OK
r-devel-linux-x86_64-fedora-clang 0.1.1 150.20 NOTE
r-devel-linux-x86_64-fedora-gcc 0.1.1 144.19 NOTE
r-devel-windows-x86_64 0.1.1 17.00 123.00 140.00 OK
r-patched-linux-x86_64 0.1.1 9.51 113.18 122.69 OK
r-release-linux-x86_64 0.1.1 6.30 113.67 119.97 OK
r-release-macos-arm64 0.1.1 42.00 NOTE
r-release-macos-x86_64 0.1.1 65.00 NOTE
r-release-windows-x86_64 0.1.1 18.00 131.00 149.00 OK
r-oldrel-macos-arm64 0.1.1 41.00 NOTE
r-oldrel-macos-x86_64 0.1.1 51.00 NOTE
r-oldrel-windows-ix86+x86_64 0.1.1 23.00 126.00 149.00 OK

Check Details

Version: 0.1.1
Check: dependencies in R code
Result: NOTE
    Namespace in Imports field not imported from: ‘tidyverse’
     All declared Imports should be used.
Flavors: r-devel-linux-x86_64-fedora-clang, r-devel-linux-x86_64-fedora-gcc, r-release-macos-arm64, r-release-macos-x86_64, r-oldrel-macos-arm64, r-oldrel-macos-x86_64