CRAN Package Check Results for Package ggpval

Last updated on 2021-11-29 19:51:30 CET.

Flavor Version Tinstall Tcheck Ttotal Status Flags
r-devel-linux-x86_64-debian-clang 0.2.4 4.65 60.57 65.22 NOTE
r-devel-linux-x86_64-debian-gcc 0.2.4 3.58 45.17 48.75 NOTE
r-devel-linux-x86_64-fedora-clang 0.2.4 88.62 NOTE
r-devel-linux-x86_64-fedora-gcc 0.2.4 75.80 NOTE
r-devel-windows-x86_64-new-UL 0.2.4 12.00 102.00 114.00 NOTE
r-devel-windows-x86_64-new-TK 0.2.4 NOTE
r-devel-windows-x86_64-old 0.2.4 9.00 63.00 72.00 NOTE
r-patched-linux-x86_64 0.2.4 4.02 54.18 58.20 NOTE
r-patched-solaris-x86 0.2.4 102.60 NOTE
r-release-linux-x86_64 0.2.4 4.42 54.99 59.41 NOTE
r-release-macos-arm64 0.2.4 NOTE
r-release-macos-x86_64 0.2.4 NOTE
r-release-windows-ix86+x86_64 0.2.4 13.00 57.00 70.00 NOTE
r-oldrel-macos-x86_64 0.2.4 OK
r-oldrel-windows-ix86+x86_64 0.2.4 10.00 55.00 65.00 OK

Check Details

Version: 0.2.4
Check: LazyData
Result: NOTE
     'LazyData' is specified without a 'data' directory
Flavors: r-devel-linux-x86_64-debian-clang, r-devel-linux-x86_64-debian-gcc, r-devel-linux-x86_64-fedora-clang, r-devel-linux-x86_64-fedora-gcc, r-devel-windows-x86_64-new-UL, r-devel-windows-x86_64-new-TK, r-devel-windows-x86_64-old, r-patched-linux-x86_64, r-patched-solaris-x86, r-release-linux-x86_64, r-release-macos-arm64, r-release-macos-x86_64, r-release-windows-ix86+x86_64