CRAN Package Check Results for Package ggraph

Last updated on 2021-12-01 19:51:37 CET.

Flavor Version Tinstall Tcheck Ttotal Status Flags
r-devel-linux-x86_64-debian-clang 2.0.5 81.10 213.90 295.00 OK
r-devel-linux-x86_64-debian-gcc 2.0.5 56.51 154.96 211.47 OK
r-devel-linux-x86_64-fedora-clang 2.0.5 393.52 NOTE
r-devel-linux-x86_64-fedora-gcc 2.0.5 353.46 OK
r-devel-windows-x86_64-new-UL 2.0.5 146.00 387.00 533.00 NOTE
r-devel-windows-x86_64-new-TK 2.0.5 OK
r-devel-windows-x86_64-old 2.0.5 108.00 241.00 349.00 NOTE
r-patched-linux-x86_64 2.0.5 73.13 203.33 276.46 OK
r-patched-solaris-x86 2.0.5 313.60 NOTE
r-release-linux-x86_64 2.0.5 68.04 202.30 270.34 OK
r-release-macos-arm64 2.0.5 NOTE
r-release-macos-x86_64 2.0.5 NOTE
r-release-windows-ix86+x86_64 2.0.5 199.00 382.00 581.00 NOTE
r-oldrel-macos-x86_64 2.0.5 NOTE
r-oldrel-windows-ix86+x86_64 2.0.5 134.00 315.00 449.00 NOTE

Check Details

Version: 2.0.5
Check: installed package size
Result: NOTE
     installed size is 7.4Mb
     sub-directories of 1Mb or more:
     doc 3.6Mb
     libs 2.4Mb
Flavors: r-devel-linux-x86_64-fedora-clang, r-devel-windows-x86_64-new-UL, r-devel-windows-x86_64-old, r-patched-solaris-x86, r-release-macos-arm64, r-release-macos-x86_64, r-release-windows-ix86+x86_64, r-oldrel-macos-x86_64, r-oldrel-windows-ix86+x86_64