CRAN Package Check Results for Package ggsoccer

Last updated on 2021-12-01 19:51:37 CET.

Flavor Version Tinstall Tcheck Ttotal Status Flags
r-devel-linux-x86_64-debian-clang 0.1.6 3.93 49.35 53.28 NOTE
r-devel-linux-x86_64-debian-gcc 0.1.6 3.20 36.74 39.94 NOTE
r-devel-linux-x86_64-fedora-clang 0.1.6 79.79 NOTE
r-devel-linux-x86_64-fedora-gcc 0.1.6 64.76 NOTE
r-devel-windows-x86_64-new-UL 0.1.6 12.00 86.00 98.00 NOTE
r-devel-windows-x86_64-new-TK 0.1.6 NOTE
r-devel-windows-x86_64-old 0.1.6 9.00 53.00 62.00 NOTE
r-patched-linux-x86_64 0.1.6 3.56 45.28 48.84 NOTE
r-patched-solaris-x86 0.1.6 88.00 NOTE
r-release-linux-x86_64 0.1.6 3.81 44.50 48.31 NOTE
r-release-macos-arm64 0.1.6 NOTE
r-release-macos-x86_64 0.1.6 NOTE
r-release-windows-ix86+x86_64 0.1.6 12.00 50.00 62.00 NOTE
r-oldrel-macos-x86_64 0.1.6 OK
r-oldrel-windows-ix86+x86_64 0.1.6 9.00 53.00 62.00 OK

Check Details

Version: 0.1.6
Check: LazyData
Result: NOTE
     'LazyData' is specified without a 'data' directory
Flavors: r-devel-linux-x86_64-debian-clang, r-devel-linux-x86_64-debian-gcc, r-devel-linux-x86_64-fedora-clang, r-devel-linux-x86_64-fedora-gcc, r-devel-windows-x86_64-new-UL, r-devel-windows-x86_64-new-TK, r-devel-windows-x86_64-old, r-patched-linux-x86_64, r-patched-solaris-x86, r-release-linux-x86_64, r-release-macos-arm64, r-release-macos-x86_64, r-release-windows-ix86+x86_64