CRAN Package Check Results for Package ggsom

Last updated on 2021-11-30 19:51:24 CET.

Flavor Version Tinstall Tcheck Ttotal Status Flags
r-devel-linux-x86_64-debian-clang 0.4.0 5.36 50.83 56.19 NOTE
r-devel-linux-x86_64-debian-gcc 0.4.0 4.66 38.05 42.71 NOTE
r-devel-linux-x86_64-fedora-clang 0.4.0 80.33 NOTE
r-devel-linux-x86_64-fedora-gcc 0.4.0 65.13 NOTE
r-devel-windows-x86_64-new-UL 0.4.0 13.00 88.00 101.00 NOTE
r-devel-windows-x86_64-new-TK 0.4.0 NOTE
r-devel-windows-x86_64-old 0.4.0 10.00 53.00 63.00 NOTE
r-patched-linux-x86_64 0.4.0 4.48 47.22 51.70 NOTE
r-patched-solaris-x86 0.4.0 92.60 NOTE
r-release-linux-x86_64 0.4.0 4.84 47.45 52.29 NOTE
r-release-macos-arm64 0.4.0 NOTE
r-release-macos-x86_64 0.4.0 NOTE
r-release-windows-ix86+x86_64 0.4.0 16.00 53.00 69.00 NOTE
r-oldrel-macos-x86_64 0.4.0 OK
r-oldrel-windows-ix86+x86_64 0.4.0 10.00 50.00 60.00 OK

Check Details

Version: 0.4.0
Check: LazyData
Result: NOTE
     'LazyData' is specified without a 'data' directory
Flavors: r-devel-linux-x86_64-debian-clang, r-devel-linux-x86_64-debian-gcc, r-devel-linux-x86_64-fedora-clang, r-devel-linux-x86_64-fedora-gcc, r-devel-windows-x86_64-new-UL, r-devel-windows-x86_64-new-TK, r-devel-windows-x86_64-old, r-patched-linux-x86_64, r-patched-solaris-x86, r-release-linux-x86_64, r-release-macos-arm64, r-release-macos-x86_64, r-release-windows-ix86+x86_64