CRAN Package Check Results for Package ggspectra

Last updated on 2021-12-07 19:49:45 CET.

Flavor Version Tinstall Tcheck Ttotal Status Flags
r-devel-linux-x86_64-debian-clang 0.3.7 12.50 270.91 283.41 NOTE
r-devel-linux-x86_64-debian-gcc 0.3.7 11.60 192.84 204.44 NOTE
r-devel-linux-x86_64-fedora-clang 0.3.7 319.64 NOTE
r-devel-linux-x86_64-fedora-gcc 0.3.7 309.37 NOTE
r-devel-windows-x86_64-new-UL 0.3.7 39.00 473.00 512.00 NOTE
r-devel-windows-x86_64-new-TK 0.3.7 NOTE
r-devel-windows-x86_64-old 0.3.7 21.00 321.00 342.00 NOTE
r-patched-linux-x86_64 0.3.7 16.19 239.46 255.65 NOTE
r-release-linux-x86_64 0.3.7 13.55 238.54 252.09 NOTE
r-release-macos-arm64 0.3.7 NOTE
r-release-macos-x86_64 0.3.7 NOTE
r-release-windows-ix86+x86_64 0.3.7 17.00 300.00 317.00 NOTE
r-oldrel-macos-x86_64 0.3.7 NOTE
r-oldrel-windows-ix86+x86_64 0.3.7 26.00 292.00 318.00 OK

Check Details

Version: 0.3.7
Check: LazyData
Result: NOTE
     'LazyData' is specified without a 'data' directory
Flavors: r-devel-linux-x86_64-debian-clang, r-devel-linux-x86_64-debian-gcc, r-devel-linux-x86_64-fedora-clang, r-devel-linux-x86_64-fedora-gcc, r-devel-windows-x86_64-new-UL, r-devel-windows-x86_64-new-TK, r-devel-windows-x86_64-old, r-patched-linux-x86_64, r-release-linux-x86_64, r-release-macos-arm64, r-release-macos-x86_64, r-release-windows-ix86+x86_64

Version: 0.3.7
Check: dependencies in R code
Result: NOTE
    Namespaces in Imports field not imported from:
     ‘dplyr’ ‘tibble’
     All declared Imports should be used.
Flavors: r-devel-linux-x86_64-fedora-clang, r-devel-linux-x86_64-fedora-gcc, r-devel-windows-x86_64-new-TK, r-release-macos-arm64, r-release-macos-x86_64, r-oldrel-macos-x86_64