Last updated on 2023-10-03 21:03:22 CEST.
Flavor | Version | Tinstall | Tcheck | Ttotal | Status | Flags |
---|---|---|---|---|---|---|
r-devel-linux-x86_64-debian-clang | 4.2.4 | 10.88 | 124.13 | 135.01 | OK | |
r-devel-linux-x86_64-debian-gcc | 4.2.4 | 7.62 | 91.89 | 99.51 | OK | |
r-devel-linux-x86_64-fedora-clang | 4.2.4 | 160.76 | NOTE | |||
r-devel-linux-x86_64-fedora-gcc | 4.2.4 | 163.96 | NOTE | |||
r-devel-windows-x86_64 | 4.2.4 | 12.00 | 116.00 | 128.00 | OK | |
r-patched-linux-x86_64 | 4.2.4 | 17.02 | 119.33 | 136.35 | OK | |
r-release-linux-x86_64 | 4.2.4 | 8.77 | 118.69 | 127.46 | OK | |
r-release-macos-arm64 | 4.2.4 | 49.00 | OK | |||
r-release-macos-x86_64 | 4.2.4 | 80.00 | OK | |||
r-release-windows-x86_64 | 4.2.4 | 14.00 | 147.00 | 161.00 | OK | |
r-oldrel-macos-arm64 | 4.2.4 | 43.00 | NOTE | |||
r-oldrel-macos-x86_64 | 4.2.4 | 61.00 | NOTE | |||
r-oldrel-windows-x86_64 | 4.2.4 | 14.00 | 134.00 | 148.00 | OK |
Version: 4.2.4
Check: data for non-ASCII characters
Result: NOTE
Note: found 138 marked UTF-8 strings
Flavors: r-devel-linux-x86_64-fedora-clang, r-devel-linux-x86_64-fedora-gcc, r-oldrel-macos-arm64, r-oldrel-macos-x86_64