CRAN Package Check Results for Package ggx

Last updated on 2021-12-08 19:51:33 CET.

Flavor Version Tinstall Tcheck Ttotal Status Flags
r-devel-linux-x86_64-debian-clang 0.1.1 2.11 36.11 38.22 NOTE
r-devel-linux-x86_64-debian-gcc 0.1.1 1.60 28.67 30.27 NOTE
r-devel-linux-x86_64-fedora-clang 0.1.1 46.62 NOTE
r-devel-linux-x86_64-fedora-gcc 0.1.1 36.79 NOTE
r-devel-windows-x86_64-new-UL 0.1.1 7.00 72.00 79.00 NOTE
r-devel-windows-x86_64-new-TK 0.1.1 NOTE
r-devel-windows-x86_64-old 0.1.1 5.00 54.00 59.00 NOTE
r-patched-linux-x86_64 0.1.1 1.93 36.40 38.33 NOTE
r-release-linux-x86_64 0.1.1 1.88 36.35 38.23 NOTE
r-release-macos-arm64 0.1.1 NOTE
r-release-macos-x86_64 0.1.1 NOTE
r-release-windows-ix86+x86_64 0.1.1 5.00 49.00 54.00 NOTE
r-oldrel-macos-x86_64 0.1.1 NOTE
r-oldrel-windows-ix86+x86_64 0.1.1 5.00 46.00 51.00 OK

Check Details

Version: 0.1.1
Check: LazyData
Result: NOTE
     'LazyData' is specified without a 'data' directory
Flavors: r-devel-linux-x86_64-debian-clang, r-devel-linux-x86_64-debian-gcc, r-devel-linux-x86_64-fedora-clang, r-devel-linux-x86_64-fedora-gcc, r-devel-windows-x86_64-new-UL, r-devel-windows-x86_64-new-TK, r-devel-windows-x86_64-old, r-patched-linux-x86_64, r-release-linux-x86_64, r-release-macos-arm64, r-release-macos-x86_64, r-release-windows-ix86+x86_64

Version: 0.1.1
Check: dependencies in R code
Result: NOTE
    Namespace in Imports field not imported from: ‘ggplot2’
     All declared Imports should be used.
Flavors: r-devel-linux-x86_64-fedora-clang, r-devel-linux-x86_64-fedora-gcc, r-devel-windows-x86_64-new-TK, r-release-macos-arm64, r-release-macos-x86_64, r-oldrel-macos-x86_64