CRAN Package Check Results for Package ghibli

Last updated on 2021-12-01 19:51:37 CET.

Flavor Version Tinstall Tcheck Ttotal Status Flags
r-devel-linux-x86_64-debian-clang 0.3.2 1.96 30.44 32.40 NOTE
r-devel-linux-x86_64-debian-gcc 0.3.2 1.62 23.93 25.55 NOTE
r-devel-linux-x86_64-fedora-clang 0.3.2 53.39 NOTE
r-devel-linux-x86_64-fedora-gcc 0.3.2 39.38 NOTE
r-devel-windows-x86_64-new-UL 0.3.2 8.00 71.00 79.00 NOTE
r-devel-windows-x86_64-new-TK 0.3.2 NOTE
r-devel-windows-x86_64-old 0.3.2 4.00 40.00 44.00 OK
r-patched-linux-x86_64 0.3.2 2.11 28.71 30.82 NOTE
r-patched-solaris-x86 0.3.2 57.30 NOTE
r-release-linux-x86_64 0.3.2 2.06 28.39 30.45 NOTE
r-release-macos-arm64 0.3.2 OK
r-release-macos-x86_64 0.3.2 OK
r-release-windows-ix86+x86_64 0.3.2 6.00 37.00 43.00 OK
r-oldrel-macos-x86_64 0.3.2 NOTE
r-oldrel-windows-ix86+x86_64 0.3.2 4.00 39.00 43.00 OK

Check Details

Version: 0.3.2
Check: package dependencies
Result: NOTE
    Package suggested but not available for checking: 'codemetar'
Flavors: r-devel-linux-x86_64-debian-clang, r-devel-linux-x86_64-debian-gcc, r-devel-linux-x86_64-fedora-clang, r-devel-linux-x86_64-fedora-gcc, r-devel-windows-x86_64-new-UL, r-devel-windows-x86_64-new-TK, r-patched-linux-x86_64, r-patched-solaris-x86, r-release-linux-x86_64, r-oldrel-macos-x86_64