CRAN Package Check Results for Package gifski

Last updated on 2022-01-26 19:50:34 CET.

Flavor Version Tinstall Tcheck Ttotal Status Flags
r-devel-linux-x86_64-debian-clang 1.4.3-1 215.06 30.72 245.78 OK
r-devel-linux-x86_64-debian-gcc 1.4.3-1 163.58 23.74 187.32 OK
r-devel-linux-x86_64-fedora-clang 1.4.3-1 369.61 OK
r-devel-linux-x86_64-fedora-gcc 1.4.3-1 360.67 OK
r-devel-windows-x86_64-new-UL 1.4.3-1 27.00 62.00 89.00 OK
r-devel-windows-x86_64-new-TK 1.4.3-1 OK
r-patched-linux-x86_64 1.4.3-1 219.63 28.42 248.05 OK
r-release-linux-x86_64 1.4.3-1 220.20 28.59 248.79 OK
r-release-macos-arm64 1.4.3-1 NOTE
r-release-macos-x86_64 1.4.3-1 NOTE
r-release-windows-ix86+x86_64 1.4.3-1 12.00 59.00 71.00 OK
r-oldrel-macos-x86_64 1.4.3-1 NOTE
r-oldrel-windows-ix86+x86_64 1.4.3-1 13.00 60.00 73.00 OK

Check Details

Version: 1.4.3-1
Check: installed package size
Result: NOTE
     installed size is 6.7Mb
     sub-directories of 1Mb or more:
     libs 6.7Mb
Flavors: r-release-macos-arm64, r-release-macos-x86_64, r-oldrel-macos-x86_64