CRAN Package Check Results for Package giftwrap

Last updated on 2021-12-08 19:51:33 CET.

Flavor Version Tinstall Tcheck Ttotal Status Flags
r-devel-linux-x86_64-debian-clang 0.0.4 3.24 47.70 50.94 NOTE
r-devel-linux-x86_64-debian-gcc 0.0.4 2.94 36.81 39.75 NOTE
r-devel-linux-x86_64-fedora-clang 0.0.4 63.66 NOTE
r-devel-linux-x86_64-fedora-gcc 0.0.4 50.96 NOTE
r-devel-windows-x86_64-new-UL 0.0.4 11.00 74.00 85.00 NOTE
r-devel-windows-x86_64-new-TK 0.0.4 NOTE
r-devel-windows-x86_64-old 0.0.4 7.00 63.00 70.00 NOTE
r-patched-linux-x86_64 0.0.4 3.51 44.58 48.09 NOTE
r-release-linux-x86_64 0.0.4 3.21 44.31 47.52 NOTE
r-release-macos-arm64 0.0.4 NOTE
r-release-macos-x86_64 0.0.4 NOTE
r-release-windows-ix86+x86_64 0.0.4 7.00 51.00 58.00 NOTE
r-oldrel-macos-x86_64 0.0.4 NOTE
r-oldrel-windows-ix86+x86_64 0.0.4 9.00 60.00 69.00 OK

Check Details

Version: 0.0.4
Check: LazyData
Result: NOTE
     'LazyData' is specified without a 'data' directory
Flavors: r-devel-linux-x86_64-debian-clang, r-devel-linux-x86_64-debian-gcc, r-devel-linux-x86_64-fedora-clang, r-devel-linux-x86_64-fedora-gcc, r-devel-windows-x86_64-new-UL, r-devel-windows-x86_64-new-TK, r-devel-windows-x86_64-old, r-patched-linux-x86_64, r-release-linux-x86_64, r-release-macos-arm64, r-release-macos-x86_64, r-release-windows-ix86+x86_64

Version: 0.0.4
Check: dependencies in R code
Result: NOTE
    Namespace in Imports field not imported from: ‘tibble’
     All declared Imports should be used.
Flavors: r-devel-linux-x86_64-fedora-clang, r-devel-linux-x86_64-fedora-gcc, r-devel-windows-x86_64-new-TK, r-release-macos-arm64, r-release-macos-x86_64, r-oldrel-macos-x86_64